{"id":167,"date":"2011-10-12T21:16:34","date_gmt":"2011-10-12T20:16:34","guid":{"rendered":"http:\/\/brahms:81\/?page_id=167"},"modified":"2019-12-29T21:09:43","modified_gmt":"2019-12-29T20:09:43","slug":"leserstimmen","status":"publish","type":"page","link":"https:\/\/s-ng.de\/?page_id=167","title":{"rendered":"Leserstimmen zu &#8222;Zu d\u00fcnnes Eis&#8220; (2011)"},"content":{"rendered":"<h2>Zu d\u00fcnnes Eis &#8211; Liebesroman<\/h2>\n<p><strong><em><a href=\"https:\/\/s-ng.de\/wp-content\/uploads\/2011\/10\/Cover-Zu-d%C3%BCnnes-Eis.jpg\"><img loading=\"lazy\" decoding=\"async\" class=\"alignleft  wp-image-143\" title=\"Cover Zu d\u00fcnnes Eis\" src=\"https:\/\/s-ng.de\/wp-content\/uploads\/2011\/10\/Cover-Zu-d%C3%BCnnes-Eis.jpg\" alt=\"\" width=\"197\" height=\"298\" \/><\/a><\/em><\/strong>Eine 133-seitige Leseprobe einer vorigen Version des Romans &#8222;<a href=\"https:\/\/s-ng.de\/?page_id=1061\">Weil du es bist<\/a>&#8220; hatte ich vom 26.01.2011 bis zum 01.05.2011 unter dem Titel &#8222;Zu d\u00fcnnes Eis&#8220; auf der Plattform <a href=\"http:\/\/www.neobooks.com\/\">www.neobooks.com<\/a> eingestellt. Ich danke allen Leserinnen und Lesern f\u00fcr ihr vielf\u00e4ltiges Lob und die hilfreichen kritischen Anmerkungen.<\/p>\n<p style=\"text-align: justify;\">Besonders danke ich Nathan Jaeger und Marita C. Erfurth, die den gesamten Roman testlasen und mir wertvolles Feedback gaben, das einem Lektorat nahe kam.<\/p>\n<p style=\"text-align: justify;\">Viele der kritischen Hinweise sind in die \u00dcberarbeitung des Romans eingeflossen.<\/p>\n<p style=\"text-align: justify;\"><strong><em>\u00a0<\/em><\/strong><\/p>\n<p><strong><em>Ausgew\u00e4hlte Leserstimmen zur Leseprobe von &#8222;Zu d\u00fcnnes Eis&#8220;:<br \/>\n<\/em><\/strong><\/p>\n<p><span style=\"color: #000080;\">Mit so wenig Handlung und so wenigen Figuren [\u2026] eine solche Spannung aufzubauen, ist hervorragend. <em>(M. C. Erfurth, 30.01.2011)<\/em><\/span><\/p>\n<p><span style=\"color: #000080;\">Der Text [hat mich] mit jeder Faser meines Seins gepackt [\u2026]. Die Figuren werden so lebendig, die Situationen so echt und einf\u00fchlsam beschrieben, dass sich w\u00e4hrend des Lesens vegetative Gef\u00fchle einstellen (Krampf im Bauch, Klo\u00df im Hals, etc.). <em>(Maria M. Lacroix, 10.02.2011)<\/em><\/span><\/p>\n<p><span style=\"color: #000080;\">Es ist eine leise melancholische Geschichte zweier Menschen, die alles wagen wollen, um zu erkennen, dass sie vielleicht \u00fcberfordert sein werden. In mir f\u00fchlt es sich an wie ein unendlich langer und noch schmerzvollerer Abschied von einem Ort, an dem man nicht glaubt, bleiben zu k\u00f6nnen, aber eigentlich doch m\u00fcsste. [\u2026] Ich m\u00f6chte den beiden Liebenden alles Gl\u00fcck w\u00fcnschen, scheine naiver zu sein als die beiden zusammen und weigere mich, der Realit\u00e4t ins Auge zu sehen. [\u2026] Was mir noch gef\u00e4llt an dieser Geschichte, es wird nicht auf Betroffenheit gemacht, aber auch nicht so gezwungen normal mit der Situation umgehend, agiert. <em>(Vincent Casca, 24.02.2011)<\/em><\/span><\/p>\n<p><span style=\"color: #000080;\">Ein ernstes Thema, glaubw\u00fcrdig dargestellt. [\u2026] Mir gef\u00e4llt die (zum Teil auch subtile) Vielschichtigkeit der Personen\/Charaktere, worin ich die St\u00e4rke dieser Leseprobe sehe. Es geht um Menschen, um Zerrissenheiten, um Gef\u00fchlstiefpunkte und um tats\u00e4chliche oder imagin\u00e4re Hindernisse. Der Plot zeigt das Leben, ohne dabei zu \u00fcberzeichnen. [\u2026] Atmosph\u00e4risch, nah und zum Teil bedr\u00fcckend<em>. (Mathias W\u00fcnsche, 18.03.2011)<\/em><\/span><\/p>\n<p><span style=\"color: #000080;\">Das Buch nimmt mich total mit. <em>(Astrid Kleideiter, 22.03.2011)<\/em><\/span><\/p>\n<p><span style=\"color: #000080;\">Die Dialoge [\u2026] machen die Hilflosigkeit der beiden Protagonisten sehr gut klar, weil sie auch oft im Schweigen enden, weil einfach die Worte fehlen oder ein bestimmter Satz vorschnell von Fredi ausgesprochen wurde. [\u2026] Am besten hat mir die Beschreibung von Fredis Gef\u00fchlen gefallen, die sich langsam und sehr vorsichtig entwickeln. Dieses Gef\u00fchl, dass ihr die Brust sprengt, das sie alles andere vergessen l\u00e4sst. [\u2026] Mich hat die Geschichte sehr ber\u00fchrt. <em>(Birgit Bongers, 01.04.2011)<\/em><\/span><\/p>\n<p><span style=\"color: #000080;\">Ich habe [\u2026] mit Betroffenen gesprochen, so dass ich erkenne, wie stimmig Saschas manchmal verletzendes Verhalten ist. Er will sich selbst dadurch sch\u00fctzen. Auch Friederike ist glaubhaft gezeichnet. <em>(Claudia Rimkus, 02.04.2011)<\/em><\/span><\/p>\n<p><span style=\"color: #000080;\">Sehr ber\u00fchrend und intensiv! Mitzuerleben, wie dieses zarte Pfl\u00e4nzchen der ersten Liebe erwacht, hier unter nicht gerade einfachen Umst\u00e4nden, hat mich sehr gefesselt. [\u2026] Sehr authentisch und individuell, mit viel Tiefgang. [\u2026] Es ist eine sich wunderbar entfaltende Liebesgeschichte und so manches Mal wollte ich beim Lesen die Luft anhalten, damit Fredi und Sascha ja nicht mitkriegen, dass ich da bin und sie beobachte. Wom\u00f6glich w\u00e4re dann der Zauber zerst\u00f6rt&#8230; <em>(Sofie Fischer, 08.04.2011)<\/em><\/span><\/p>\n<div class=\"pvc_clear\"><\/div>\n<p id=\"pvc_stats_167\" class=\"pvc_stats all  \" data-element-id=\"167\" style=\"\"><i class=\"pvc-stats-icon small\" aria-hidden=\"true\"><svg aria-hidden=\"true\" focusable=\"false\" data-prefix=\"far\" data-icon=\"chart-bar\" role=\"img\" xmlns=\"http:\/\/www.w3.org\/2000\/svg\" viewBox=\"0 0 512 512\" class=\"svg-inline--fa fa-chart-bar fa-w-16 fa-2x\"><path fill=\"currentColor\" d=\"M396.8 352h22.4c6.4 0 12.8-6.4 12.8-12.8V108.8c0-6.4-6.4-12.8-12.8-12.8h-22.4c-6.4 0-12.8 6.4-12.8 12.8v230.4c0 6.4 6.4 12.8 12.8 12.8zm-192 0h22.4c6.4 0 12.8-6.4 12.8-12.8V140.8c0-6.4-6.4-12.8-12.8-12.8h-22.4c-6.4 0-12.8 6.4-12.8 12.8v198.4c0 6.4 6.4 12.8 12.8 12.8zm96 0h22.4c6.4 0 12.8-6.4 12.8-12.8V204.8c0-6.4-6.4-12.8-12.8-12.8h-22.4c-6.4 0-12.8 6.4-12.8 12.8v134.4c0 6.4 6.4 12.8 12.8 12.8zM496 400H48V80c0-8.84-7.16-16-16-16H16C7.16 64 0 71.16 0 80v336c0 17.67 14.33 32 32 32h464c8.84 0 16-7.16 16-16v-16c0-8.84-7.16-16-16-16zm-387.2-48h22.4c6.4 0 12.8-6.4 12.8-12.8v-70.4c0-6.4-6.4-12.8-12.8-12.8h-22.4c-6.4 0-12.8 6.4-12.8 12.8v70.4c0 6.4 6.4 12.8 12.8 12.8z\" class=\"\"><\/path><\/svg><\/i> <img loading=\"lazy\" decoding=\"async\" width=\"16\" height=\"16\" alt=\"Loading\" src=\"https:\/\/s-ng.de\/wp-content\/plugins\/page-views-count\/ajax-loader-2x.gif\" border=0 \/><\/p>\n<div class=\"pvc_clear\"><\/div>\n","protected":false},"excerpt":{"rendered":"<p>Zu d\u00fcnnes Eis &#8211; Liebesroman Eine 133-seitige Leseprobe einer vorigen Version des Romans &#8222;Weil du es bist&#8220; hatte ich vom&hellip;<\/p>\n","protected":false},"author":1,"featured_media":0,"parent":1061,"menu_order":3,"comment_status":"closed","ping_status":"closed","template":"","meta":{"footnotes":""},"class_list":["post-167","page","type-page","status-publish","hentry"],"_links":{"self":[{"href":"https:\/\/s-ng.de\/index.php?rest_route=\/wp\/v2\/pages\/167","targetHints":{"allow":["GET"]}}],"collection":[{"href":"https:\/\/s-ng.de\/index.php?rest_route=\/wp\/v2\/pages"}],"about":[{"href":"https:\/\/s-ng.de\/index.php?rest_route=\/wp\/v2\/types\/page"}],"author":[{"embeddable":true,"href":"https:\/\/s-ng.de\/index.php?rest_route=\/wp\/v2\/users\/1"}],"replies":[{"embeddable":true,"href":"https:\/\/s-ng.de\/index.php?rest_route=%2Fwp%2Fv2%2Fcomments&post=167"}],"version-history":[{"count":18,"href":"https:\/\/s-ng.de\/index.php?rest_route=\/wp\/v2\/pages\/167\/revisions"}],"predecessor-version":[{"id":1294,"href":"https:\/\/s-ng.de\/index.php?rest_route=\/wp\/v2\/pages\/167\/revisions\/1294"}],"up":[{"embeddable":true,"href":"https:\/\/s-ng.de\/index.php?rest_route=\/wp\/v2\/pages\/1061"}],"wp:attachment":[{"href":"https:\/\/s-ng.de\/index.php?rest_route=%2Fwp%2Fv2%2Fmedia&parent=167"}],"curies":[{"name":"wp","href":"https:\/\/api.w.org\/{rel}","templated":true}]}}