{"id":2209,"date":"2022-04-10T18:27:36","date_gmt":"2022-04-10T16:27:36","guid":{"rendered":"https:\/\/s-ng.de\/?page_id=2209"},"modified":"2022-04-20T16:53:01","modified_gmt":"2022-04-20T14:53:01","slug":"nachwort-zur-2-auflage-von-irgendwie-dazwischen-oder-das-mit-percy","status":"publish","type":"page","link":"https:\/\/s-ng.de\/?page_id=2209","title":{"rendered":"Nachwort in der 2. Auflage von &#8222;Irgendwie dazwischen oder: Das mit Percy&#8220;"},"content":{"rendered":"\n<p>&#8222;Irgendwie dazwischen oder: Das mit Percy&#8220; erscheint in K\u00fcrze in zweiter Auflage. Warum ich mich f\u00fcr eine 2. Auflage entschieden habe, erf\u00e4hrst du <a rel=\"noreferrer noopener\" aria-label=\"hier (\u00f6ffnet in neuem Tab)\" href=\"https:\/\/s-ng.de\/?p=2193\" target=\"_blank\">hier<\/a>.<\/p>\n\n\n\n<p>F\u00fcr alle, die noch die 1. Auflage haben und trotzdem gerne das Nachwort der 2. Auflage lesen m\u00f6chten, stelle ich es im Folgenden zur Verf\u00fcgung:<\/p>\n\n\n\n<p class=\"has-text-color has-medium-font-size has-primary-color\"><a><strong>Nachwort<\/strong><\/a> in der 2. Auflage<\/p>\n\n\n\n<p class=\"has-text-color has-secondary-color\">Liebe*r\nLeser*in, vielleicht bist du beim Lesen von \u201eIrgendwie dazwischen oder: Das mit\nPercy\u201c in den Kapiteln 14 und 16 \u00fcber Formulierungen oder Begriffe im\nZusammenhang mit Manus Geschlechtsidentit\u00e4t gestolpert, die du als veraltet,\nunpassend oder unreflektiert empfunden hast. <\/p>\n\n\n\n<p class=\"has-text-color has-secondary-color\">\u201eIrgendwie dazwischen oder: Das mit Percy\u201c spielt im Herbst 2009. Das Thema \u201eTranssexualit\u00e4t\u201c oder, wie es heute meistens bezeichnet wird, \u201eTransgender\u201c oder \u201eTransidentit\u00e4t\u201c begann damals gerade erst, eine etwas breitere Rolle in der \u00d6ffentlichkeit zu spielen. Dieses Buch spiegelt den Sprachgebrauch der damaligen Zeit wider. Heute verwenden die meisten Menschen bevorzugt die Begriffe \u201eTransgender\u201c oder \u201etrans* Menschen\u201c anstatt \u201eTranssexuelle\u201c, wenn sie von Menschen sprechen, die sich nicht oder nicht ausschlie\u00dflich mit dem Geschlecht identifizieren, das ihnen bei ihrer Geburt zugewiesen wurde. Auch \u201eumoperieren\u201c w\u00fcrde heute niemand, der sich n\u00e4her mit dem Thema auseinandergesetzt hat, sagen, sondern man spricht von einer geschlechtsangleichenden Operation.<\/p>\n\n\n\n<p class=\"has-text-color has-secondary-color\">Diese sprachlichen Entwicklungen, die mit einer ver\u00e4nderten\nSichtweise einhergehen, fanden in der deutschen \u00d6ffentlichkeit jedoch erst in\nden 2010-er Jahren statt. Manu konnte 2009 also nur in den heute von vielen\nMenschen abgelehnten Begrifflichkeiten denken und aus heutiger Sicht\nunreflektierte Redewendungen wie \u201eein Junge im M\u00e4dchenk\u00f6rper\u201c oder \u201ediese\nStabhochspringerin, die jetzt ein gutaussehender Mann ist\u201c verwenden \u2013 zumal Manu\nbisher als Informationsquelle nur die erw\u00e4hnte Fernsehsendung hatte und sich\ndar\u00fcber hinaus nicht eingehender mit dem Thema auseinandergesetzt hat. <em>Noch<\/em>\nnicht \u2013 denn das Buch zeigt ja nur einen Ausschnitt von drei Wochen aus Manus\nLeben, und ich bin mir sicher, dass Manu sich in der Folgezeit noch viel\neingehender mit sich und der eigenen Geschlechtsidentit\u00e4t auseinandersetzen\nwird.<\/p>\n\n\n\n<p class=\"has-text-color has-secondary-color\">\u201eIrgendwie dazwischen oder: Das mit Percy\u201c ist kein in erster Linie aufkl\u00e4rendes Buch. Es bietet keine \u201eAnleitung\u201c oder Information \u00fcber den heute als angemessen empfundenen Sprachgebrauch oder anderes spezifisches Hintergrundwissen. Ich erz\u00e4hle in diesem Roman von zwei jungen Menschen, die auf der Suche nach sich selbst sind und in ihrem Gegen\u00fcber jemanden finden, der ihnen hilft, den eigenen Weg zu gehen. Es ist die Geschichte zweier Jugendlicher, die es nicht leicht in ihrem Leben haben und hatten. Beide haben ihre St\u00e4rken und Schw\u00e4chen, ihre Geschichte. Bewusst verzichte ich auf jegliche Etikettierungen und Labels, nicht nur bei Manu, sondern auch bei Percy. Denn wir sind alle Menschen. Jede*r von uns ist einzigartig und in dieser Einzigartigkeit wertvoll. So wie wir sind. Manus Queer-Sein ist nur eine dieser Einzigartigkeiten. Nicht mehr und auch nicht weniger. Wenn es uns gelingt, die Unterschiedlichkeiten von Menschen als etwas Normales, ja, sogar Wertvolles zu sehen, egal, ob es sich dabei um Interessen, Begabungen, Behinderungen, Geschlechtszugeh\u00f6rigkeiten oder andere Eigenschaften handelt, dann kann sich jede*r akzeptiert f\u00fchlen und in seiner*ihrer Pers\u00f6nlichkeit aufbl\u00fchen. Das ist meine zutiefst empfundene \u00dcberzeugung, die nicht nur in diesem Buch ihren Ausdruck findet, sondern die ich auch im Privatleben und in meinem Beruf als Lehrerin lebe und weitergebe.<\/p>\n\n\n\n<p class=\"has-text-color has-secondary-color\">Herzliche\nGr\u00fc\u00dfe, Sabine Nagel<\/p>\n\n\n\n<p>\u00dcbrigens: Auf meiner Webseite (<a rel=\"noreferrer noopener\" aria-label=\"https:\/\/s-ng.de\/?p=2193 (\u00f6ffnet in neuem Tab)\" href=\"https:\/\/s-ng.de\/?p=2193\" target=\"_blank\">https:\/\/s-ng.de\/?p=2193<\/a>) findest du ein paar weiterf\u00fchrende Links zu den Themen Transgender\/Non-Binarit\u00e4t\/Pronomen sowie Antworten auf h\u00e4ufig gestellte Fragen zu \u201eIrgendwie dazwischen oder: Das mit Percy\u201c und Informationen zur zweiten Auflage. Dort gibt es auch f\u00fcr dich die M\u00f6glichkeit, Fragen oder Kommentare zu hinterlassen. Ich freue mich auf deinen Besuch!<\/p>\n<div class=\"pvc_clear\"><\/div><p id=\"pvc_stats_2209\" class=\"pvc_stats all  \" data-element-id=\"2209\" style=\"\"><i class=\"pvc-stats-icon small\" aria-hidden=\"true\"><svg aria-hidden=\"true\" focusable=\"false\" data-prefix=\"far\" data-icon=\"chart-bar\" role=\"img\" xmlns=\"http:\/\/www.w3.org\/2000\/svg\" viewBox=\"0 0 512 512\" class=\"svg-inline--fa fa-chart-bar fa-w-16 fa-2x\"><path fill=\"currentColor\" d=\"M396.8 352h22.4c6.4 0 12.8-6.4 12.8-12.8V108.8c0-6.4-6.4-12.8-12.8-12.8h-22.4c-6.4 0-12.8 6.4-12.8 12.8v230.4c0 6.4 6.4 12.8 12.8 12.8zm-192 0h22.4c6.4 0 12.8-6.4 12.8-12.8V140.8c0-6.4-6.4-12.8-12.8-12.8h-22.4c-6.4 0-12.8 6.4-12.8 12.8v198.4c0 6.4 6.4 12.8 12.8 12.8zm96 0h22.4c6.4 0 12.8-6.4 12.8-12.8V204.8c0-6.4-6.4-12.8-12.8-12.8h-22.4c-6.4 0-12.8 6.4-12.8 12.8v134.4c0 6.4 6.4 12.8 12.8 12.8zM496 400H48V80c0-8.84-7.16-16-16-16H16C7.16 64 0 71.16 0 80v336c0 17.67 14.33 32 32 32h464c8.84 0 16-7.16 16-16v-16c0-8.84-7.16-16-16-16zm-387.2-48h22.4c6.4 0 12.8-6.4 12.8-12.8v-70.4c0-6.4-6.4-12.8-12.8-12.8h-22.4c-6.4 0-12.8 6.4-12.8 12.8v70.4c0 6.4 6.4 12.8 12.8 12.8z\" class=\"\"><\/path><\/svg><\/i> <img loading=\"lazy\" decoding=\"async\" width=\"16\" height=\"16\" alt=\"Loading\" src=\"https:\/\/s-ng.de\/wp-content\/plugins\/page-views-count\/ajax-loader-2x.gif\" border=0 \/><\/p><div class=\"pvc_clear\"><\/div>","protected":false},"excerpt":{"rendered":"<p>&#8222;Irgendwie dazwischen oder: Das mit Percy&#8220; erscheint in K\u00fcrze in zweiter Auflage. Warum ich mich f\u00fcr eine 2. Auflage entschieden&hellip;<\/p>\n","protected":false},"author":1,"featured_media":2238,"parent":1016,"menu_order":3,"comment_status":"closed","ping_status":"closed","template":"","meta":{"footnotes":""},"class_list":["post-2209","page","type-page","status-publish","has-post-thumbnail","hentry"],"_links":{"self":[{"href":"https:\/\/s-ng.de\/index.php?rest_route=\/wp\/v2\/pages\/2209","targetHints":{"allow":["GET"]}}],"collection":[{"href":"https:\/\/s-ng.de\/index.php?rest_route=\/wp\/v2\/pages"}],"about":[{"href":"https:\/\/s-ng.de\/index.php?rest_route=\/wp\/v2\/types\/page"}],"author":[{"embeddable":true,"href":"https:\/\/s-ng.de\/index.php?rest_route=\/wp\/v2\/users\/1"}],"replies":[{"embeddable":true,"href":"https:\/\/s-ng.de\/index.php?rest_route=%2Fwp%2Fv2%2Fcomments&post=2209"}],"version-history":[{"count":9,"href":"https:\/\/s-ng.de\/index.php?rest_route=\/wp\/v2\/pages\/2209\/revisions"}],"predecessor-version":[{"id":2256,"href":"https:\/\/s-ng.de\/index.php?rest_route=\/wp\/v2\/pages\/2209\/revisions\/2256"}],"up":[{"embeddable":true,"href":"https:\/\/s-ng.de\/index.php?rest_route=\/wp\/v2\/pages\/1016"}],"wp:featuredmedia":[{"embeddable":true,"href":"https:\/\/s-ng.de\/index.php?rest_route=\/wp\/v2\/media\/2238"}],"wp:attachment":[{"href":"https:\/\/s-ng.de\/index.php?rest_route=%2Fwp%2Fv2%2Fmedia&parent=2209"}],"curies":[{"name":"wp","href":"https:\/\/api.w.org\/{rel}","templated":true}]}}