{"id":2551,"date":"2023-11-13T12:28:42","date_gmt":"2023-11-13T11:28:42","guid":{"rendered":"https:\/\/s-ng.de\/?page_id=2551"},"modified":"2024-01-16T18:34:38","modified_gmt":"2024-01-16T17:34:38","slug":"einunddreissig-tage-in-einer-einzigen-nacht","status":"publish","type":"page","link":"https:\/\/s-ng.de\/?page_id=2551","title":{"rendered":"Einunddrei\u00dfig Tage in einer einzigen Nacht"},"content":{"rendered":"\n<p class=\"has-medium-font-size\"><strong>Ein ganz besonderes Buch &#8211; 150 Seiten, <\/strong><strong>31 Fragen, 16 Songs, 5 Freunde, eine einzige Nacht. Eine Party mit Cocktails, Musik und Tanz, tiefgr\u00fcndigen Gespr\u00e4chen und gro\u00dfen Emotionen. Ein Genremix irgendwo zwischen Realit\u00e4t und Fiktion, ungeahnt tiefgr\u00fcndig und ber\u00fchrend.<\/strong><\/p>\n\n\n<div class=\"wp-block-image\">\n<figure class=\"alignleft size-medium is-resized\"><a href=\"https:\/\/s-ng.de\/wp-content\/uploads\/2023\/11\/Coverentwurf-31Tage-mit-Polarlicht-Preis-ebook.jpg\"><img loading=\"lazy\" decoding=\"async\" src=\"https:\/\/s-ng.de\/wp-content\/uploads\/2023\/11\/Coverentwurf-31Tage-mit-Polarlicht-Preis-ebook-186x300.jpg\" alt=\"\" class=\"wp-image-2555\" width=\"186\" height=\"300\" srcset=\"https:\/\/s-ng.de\/wp-content\/uploads\/2023\/11\/Coverentwurf-31Tage-mit-Polarlicht-Preis-ebook-186x300.jpg 186w, https:\/\/s-ng.de\/wp-content\/uploads\/2023\/11\/Coverentwurf-31Tage-mit-Polarlicht-Preis-ebook-700x1129.jpg 700w, https:\/\/s-ng.de\/wp-content\/uploads\/2023\/11\/Coverentwurf-31Tage-mit-Polarlicht-Preis-ebook-768x1239.jpg 768w, https:\/\/s-ng.de\/wp-content\/uploads\/2023\/11\/Coverentwurf-31Tage-mit-Polarlicht-Preis-ebook-952x1536.jpg 952w, https:\/\/s-ng.de\/wp-content\/uploads\/2023\/11\/Coverentwurf-31Tage-mit-Polarlicht-Preis-ebook-1270x2048.jpg 1270w, https:\/\/s-ng.de\/wp-content\/uploads\/2023\/11\/Coverentwurf-31Tage-mit-Polarlicht-Preis-ebook.jpg 1553w\" sizes=\"auto, (max-width: 186px) 100vw, 186px\" \/><\/a><figcaption>Cover &#8222;Einunddrei\u00dfig Tage in einer einzigen Nacht&#8220;<\/figcaption><\/figure>\n<\/div>\n\n\n<p>Im Oktober 2023 nahm ich an der Challenge <a href=\"https:\/\/aventiure.at\/characters-of-october\/\" target=\"_blank\" rel=\"noreferrer noopener\">#CharactersOfOctober von Barbara Drucker<\/a> teil. Zu 31 Fragen, f\u00fcr jeden Tag eine, konnte man dort seine Protagonisten zu Wort kommen lassen. Mich inspirierten diese Fragen zu einer fortlaufenden Geschichte mit Fredi und Sascha, die dort beginnt, wo ich gerade beim Schreiben der Fortsetzung von &#8222;Weil du es bist&#8220; feststeckte.<\/p>\n\n\n\n<p>Das Schreiben dieser Geschichte hat mir sehr viel Freude bereitet. Schon w\u00e4hrend des Schreibens reifte in mir der Entschluss heran, die Geschichte im Anschluss als Buch herauszubringen &#8211; f\u00fcr alle Sascha-und-Fredi-Fans und f\u00fcr alle, die es noch werden wollen. Denn sie ist so sch\u00f6n geworden, dass sie unbedingt in die gro\u00dfe, weite Buchwelt hinausgetragen werden muss!<\/p>\n\n\n\n<p>Die Geschichte ist unanh\u00e4ngig von den anderen B\u00fcchern les- und genie\u00dfbar. Aber Vorsicht: Sie k\u00f6nnte neugierig machen auf den Rest!<\/p>\n\n\n\n<p>Das Buch ist am 21.11.2023 bei Amazon als E-Book und am 15.12.2023 \u00fcberall im Buchhandel als Taschenbuch erschienen. <\/p>\n\n\n\n<p>\u2192 <a href=\"https:\/\/www.thalia.de\/shop\/home\/artikeldetails\/A1070554534\">zum Buch bei Thalia<\/a> (Paperback)<br>\u2192 <a href=\"https:\/\/www.hugendubel.de\/de\/buch_kartoniert\/sabine_nagel-einunddreissig_tage_in_einer_einzigen_nacht-47372467-produkt-details.html\">zum Buch bei Hugendubel<\/a> (Paperback)<br>\u2192 <a href=\"https:\/\/www.genialokal.de\/Produkt\/Sabine-Nagel\/Einunddreissig-Tage-in-einer-einzigen-Nacht_lid_52100490.html\">zum Buch bei genialokal, der Gemeinschaft von \u00fcber 700 inhabergef\u00fchrten Buchhandlungen in Deutschland <\/a>(Paperback)<br>\u2192 <a rel=\"noreferrer noopener\" href=\"https:\/\/www.amazon.de\/dp\/B0CNNV25VT\" target=\"_blank\">zum Buch bei Amazon<\/a> (E-Book)<\/p>\n\n\n\n<p class=\"has-secondary-color has-text-color\"><strong>Der Klappentext:<\/strong><\/p>\n\n\n\n<p class=\"has-secondary-color has-text-color\">Einunddrei\u00dfig Tage in einer einzigen Nacht. Ein unvergesslicher Abend, den es so niemals wieder geben wird.<\/p>\n\n\n\n<p class=\"has-secondary-color has-text-color\">Sascha und Fredi haben sich mit Saschas alten Freunden aus seinem Heimatdorf zur End-of-Summer-Night im \u00f6rtlichen Freibad verabredet. Was als ganz normaler Abend mit Cocktails, Musik und Tanz beginnt, entpuppt sich bald als unendliche Nacht, in der es hinter der Realit\u00e4t, die sie kennen, noch eine zweite zu geben scheint \u2026<\/p>\n\n\n\n<p class=\"has-secondary-color has-text-color\">Eine Fortsetzungsgeschichte irgendwo zwischen Realit\u00e4t und Fiktion, mit einem Augenzwinkern erz\u00e4hlt. Tiefgr\u00fcndig und ber\u00fchrend, manchmal witzig, manchmal schmerzhaft, teilweise philosophisch und immer voller Liebe.<\/p>\n\n\n\n<p><strong>Das Besondere an dem Buch:<\/strong><\/p>\n\n\n\n<p>&#8222;Einunddrei\u00dfig Tage in einer einzigen Nacht&#8220; ist ein ganz besonderes Buch. Keine Kurzgeschichte, sondern 150 Seiten lang. Kein Roman, denn die erz\u00e4hlte Zeit umfasst nur eine einzige Nacht im August 2012. Oder waren es doch einunddrei\u00dfig Tage?<\/p>\n\n\n\n<p>Ein Genremix, der mit Realit\u00e4t und Fiktion spielt, weit \u00fcber diese eine Nacht hinausweist und ganz nebenbei einunddrei\u00dfig Fragen beantwortet &#8211; aus der Sicht der f\u00fcnf Hauptfiguren. Dabei ist er fortlaufend erz\u00e4hlt, und Musik und Text, Emotionen und Handlung gehen eine ganz besondere Verbindung miteinander ein, die dich in der Story versinken und mit Fredi und Sascha mitf\u00fchlen l\u00e4sst &#8211; und m\u00f6glicherweise auch dich als Leser*in zum Nachdenken bringt, wie du selbst die eine oder andere Frage f\u00fcr dich beantworten w\u00fcrdest.<\/p>\n\n\n<div class=\"wp-block-image\">\n<figure class=\"alignright size-large is-resized\"><a href=\"https:\/\/www.instagram.com\/reel\/Cz8H3eTtl-0\/\" target=\"_blank\" rel=\"noreferrer noopener\"><img loading=\"lazy\" decoding=\"async\" src=\"https:\/\/s-ng.de\/wp-content\/uploads\/2024\/01\/31-Tage-Reel-Vorschau-HP-700x1244.jpg\" alt=\"\" class=\"wp-image-2619\" width=\"175\" height=\"311\" srcset=\"https:\/\/s-ng.de\/wp-content\/uploads\/2024\/01\/31-Tage-Reel-Vorschau-HP-700x1244.jpg 700w, https:\/\/s-ng.de\/wp-content\/uploads\/2024\/01\/31-Tage-Reel-Vorschau-HP-169x300.jpg 169w, https:\/\/s-ng.de\/wp-content\/uploads\/2024\/01\/31-Tage-Reel-Vorschau-HP-768x1365.jpg 768w, https:\/\/s-ng.de\/wp-content\/uploads\/2024\/01\/31-Tage-Reel-Vorschau-HP-864x1536.jpg 864w, https:\/\/s-ng.de\/wp-content\/uploads\/2024\/01\/31-Tage-Reel-Vorschau-HP.jpg 900w\" sizes=\"auto, (max-width: 175px) 100vw, 175px\" \/><\/a><figcaption>zum Trailer auf das Bild klicken<\/figcaption><\/figure>\n<\/div>\n\n\n<p><strong>Der Trailer:<\/strong><\/p>\n\n\n\n<p>Auf <a href=\"https:\/\/www.instagram.com\/reel\/Cz8H3eTtl-0\/\">Instagram <\/a>und <a href=\"https:\/\/www.tiktok.com\/@sabine.nagel\/video\/7304219460397813024\" target=\"_blank\" rel=\"noreferrer noopener\">Tiktok<\/a><a rel=\"noreferrer noopener\" href=\"https:\/\/vm.tiktok.com\/ZGe6bR6dx\/\" target=\"_blank\"> <\/a>gibt es auch einen kleinen Trailer (sowie weitere kleine Videos zum Titel-Reveal und zum Klappentext-Reveal). Viel Spa\u00df beim Anschauen!<\/p>\n\n\n\n<p><\/p>\n\n\n\n<p><strong>Die ersten Leser*innenstimmen:<\/strong><\/p>\n\n\n\n<p style=\"font-size:17px\"><em>&#8222;Faszinierend sch\u00f6n. Sabine Nagel l\u00e4sst ihre Protagonisten und ihren Text leuchten. Hell und klar.&#8220; <a rel=\"noreferrer noopener\" href=\"https:\/\/www.instagram.com\/p\/Cz53rSNNUbZ\/?img_index=1\" target=\"_blank\">(Jona Gellert auf Instagram)<\/a><\/em><\/p>\n\n\n\n<p style=\"font-size:17px\"><em>&#8222;Oh, so sch\u00f6n. So wahr. So gut getroffen. So ber\u00fchrend. <\/em>&#x1f622;&#x2600;&#xfe0f;&#x1f970;&#8220; <em>(<a rel=\"noreferrer noopener\" href=\"https:\/\/www.instagram.com\/p\/CyBaBttNIpJ\/?img_index=1\" target=\"_blank\">eine Leserin w\u00e4hrend der #CharactersOfOctober-Challenge<\/a>)<\/em><\/p>\n\n\n\n<p style=\"font-size:17px\"><em>&#8222;5 Freunde oder solche, die es vielleicht werden in einer Nacht. Tiefgreifende Gespr\u00e4che, Einblicke in das Seelenleben aller, gespickt mit Liebe, Freundschaft, \u00c4rger, Wut und Trauer. Mal lustig, mal traurig, und dann kommt noch ein bisschen Science Fiction dazu und das alles auf nicht einmal 150 Seiten.&#8220; (<a rel=\"noreferrer noopener\" href=\"https:\/\/www.amazon.de\/gp\/customer-reviews\/R1EOYA584RMMAG\/ref=cm_cr_dp_d_rvw_ttl?ie=UTF8&amp;ASIN=B0CNNV25VT\" target=\"_blank\">Silke M. Trousil auf Amazon<\/a>)<\/em><\/p>\n\n\n\n<p style=\"font-size:17px\">&#8222;<em>Ein Treffen von Freunden mit interessanten Fragestellungen und verschiedenen Ansichten. Traurig, ber\u00fchrend, witzig und fantasievoll erz\u00e4hlt.&#8220; (<a href=\"https:\/\/www.lovelybooks.de\/autor\/Sabine-Nagel\/Einunddrei%C3%9Fig-Tage-in-einer-einzigen-Nacht-11497181627-w\/rezension\/11998998242\/\">Karinliest auf Lovelybooks.de<\/a>)<\/em><\/p>\n\n\n\n<p style=\"font-size:17px\">&#8222;<em>Ein Buch, so au\u00dfergew\u00f6hnlich, dass es mich im ersten Moment etwas verwirrte, danach jedoch gefesselt hat, bis zur letzten Seite. [&#8230;] Sabine Nagel hat die Charaktere in dieser Nacht, wahrlich lebendig werden lassen. Die Lieder, die die Autorin hier einbringt, sind das gewisse i-T\u00fcpfelchen und passen hervorragend zum Geschehen. Mir haben sie geradezu eine G\u00e4nsehaut beschert.&#8220; (<a rel=\"noreferrer noopener\" href=\"https:\/\/www.amazon.de\/gp\/customer-reviews\/RZTY1EFBZ53EG\/ref=cm_cr_arp_d_rvw_ttl?ie=UTF8&amp;ASIN=B0CNNV25VT\" target=\"_blank\">Karin F. auf Amazon<\/a>)<\/em><\/p>\n\n\n\n<p style=\"font-size:17px\">&#8222;<em>Ein sehr kurzweiliges, tief ber\u00fchrendes Lesevergn\u00fcgen mit viel Platz f\u00fcr eigene Gedanken, Gef\u00fchle und Erinnerungen. [&#8230;] Einunddrei\u00dfig Tage in einer einzigen Nacht kann man m.E. sehr gut lesen und folgen, auch ohne &#8222;Weil du es bist&#8220; zuvor gelesen zu haben. [&#8230;] Der Autorin ist ein wunderbarer Mix aus Realit\u00e4t und Fiktion gelungen, der die Leserin\/den Leser in einen &#8222;aus der Zeit gel\u00f6sten Abend&#8220; entf\u00fchrt und aufgrund offen adressierter Fragen und eigener Reflektion Teil der Gruppe werden l\u00e4sst.&#8220; (<a rel=\"noreferrer noopener\" href=\"https:\/\/www.lovelybooks.de\/autor\/Sabine-Nagel\/Einunddrei%C3%9Fig-Tage-in-einer-einzigen-Nacht-11497181627-w\/rezension\/11902511389\/\" target=\"_blank\">Kerstin74 auf Lovelybooks.de<\/a>)<\/em><\/p>\n\n\n\n<p><strong>Die kostenlose Leseprobe<\/strong>:<\/p>\n\n\n\n<p>Zur Leseprobe bitte <a href=\"https:\/\/www.amazon.de\/dp\/B0CNNV25VT?asin=B0CNNV25VT&amp;revisionId=ca2c823a&amp;format=1&amp;depth=1\" target=\"_blank\" rel=\"noreferrer noopener\">hier klicken<\/a>.<\/p>\n\n\n<div class=\"wp-block-image\">\n<figure class=\"alignleft size-medium\"><a href=\"https:\/\/open.spotify.com\/playlist\/5jRZ7Wjs2BEAqO8tjt7e2Y?si=0c_LBg31SG2dafBkT1tmuw&amp;nd=1\" target=\"_blank\" rel=\"noreferrer noopener\"><img loading=\"lazy\" decoding=\"async\" width=\"192\" height=\"300\" src=\"https:\/\/s-ng.de\/wp-content\/uploads\/2023\/11\/Playlist-31Tage-1-192x300.jpg\" alt=\"\" class=\"wp-image-2554\" srcset=\"https:\/\/s-ng.de\/wp-content\/uploads\/2023\/11\/Playlist-31Tage-1-192x300.jpg 192w, https:\/\/s-ng.de\/wp-content\/uploads\/2023\/11\/Playlist-31Tage-1.jpg 300w\" sizes=\"auto, (max-width: 192px) 100vw, 192px\" \/><\/a><figcaption>zur Playlist aufs Bild klicken<\/figcaption><\/figure>\n<\/div>\n\n\n<p><strong>Der Soundtrack:<\/strong><\/p>\n\n\n\n<p>Wie es sich f\u00fcr eine richtige Party geh\u00f6rt, spielt nat\u00fcrlich auch die Musik eine gro\u00dfe Rolle. Deshalb gibt es einen <a href=\"http:\/\/open.spotify.com\/playlist\/5jRZ7Wjs2BEAqO8tjt7e2Y?si=0c_LBg31SG2dafBkT1tmuw&amp;nd=1\" target=\"_blank\" rel=\"noreferrer noopener\">Soundtrack zum Buch bei Spotify<\/a>.<\/p>\n\n\n\n<p>In vielen der Kapitel von &#8222;Einunddrei\u00dfig Tage in einer einzigen Nacht&#8220; gibt es intensive Wechselbeziehungen zwischen den Songs und der Handlung. Du wirst die Geschichte auch verstehen und genie\u00dfen k\u00f6nnen, ohne die Lieder zu kennen &#8211; aber in dem einen oder anderen Kapitel wirst du vielleicht noch einen zus\u00e4tzlichen Esprit sp\u00fcren, wenn du dazu die Songs h\u00f6rst. <\/p>\n\n\n\n<p><\/p>\n\n\n\n<p><\/p>\n\n\n\n<p><\/p>\n<div class=\"pvc_clear\"><\/div><p id=\"pvc_stats_2551\" class=\"pvc_stats all  \" data-element-id=\"2551\" style=\"\"><i class=\"pvc-stats-icon small\" aria-hidden=\"true\"><svg aria-hidden=\"true\" focusable=\"false\" data-prefix=\"far\" data-icon=\"chart-bar\" role=\"img\" xmlns=\"http:\/\/www.w3.org\/2000\/svg\" viewBox=\"0 0 512 512\" class=\"svg-inline--fa fa-chart-bar fa-w-16 fa-2x\"><path fill=\"currentColor\" d=\"M396.8 352h22.4c6.4 0 12.8-6.4 12.8-12.8V108.8c0-6.4-6.4-12.8-12.8-12.8h-22.4c-6.4 0-12.8 6.4-12.8 12.8v230.4c0 6.4 6.4 12.8 12.8 12.8zm-192 0h22.4c6.4 0 12.8-6.4 12.8-12.8V140.8c0-6.4-6.4-12.8-12.8-12.8h-22.4c-6.4 0-12.8 6.4-12.8 12.8v198.4c0 6.4 6.4 12.8 12.8 12.8zm96 0h22.4c6.4 0 12.8-6.4 12.8-12.8V204.8c0-6.4-6.4-12.8-12.8-12.8h-22.4c-6.4 0-12.8 6.4-12.8 12.8v134.4c0 6.4 6.4 12.8 12.8 12.8zM496 400H48V80c0-8.84-7.16-16-16-16H16C7.16 64 0 71.16 0 80v336c0 17.67 14.33 32 32 32h464c8.84 0 16-7.16 16-16v-16c0-8.84-7.16-16-16-16zm-387.2-48h22.4c6.4 0 12.8-6.4 12.8-12.8v-70.4c0-6.4-6.4-12.8-12.8-12.8h-22.4c-6.4 0-12.8 6.4-12.8 12.8v70.4c0 6.4 6.4 12.8 12.8 12.8z\" class=\"\"><\/path><\/svg><\/i> <img loading=\"lazy\" decoding=\"async\" width=\"16\" height=\"16\" alt=\"Loading\" src=\"https:\/\/s-ng.de\/wp-content\/plugins\/page-views-count\/ajax-loader-2x.gif\" border=0 \/><\/p><div class=\"pvc_clear\"><\/div>","protected":false},"excerpt":{"rendered":"<p>Ein ganz besonderes Buch &#8211; 150 Seiten, 31 Fragen, 16 Songs, 5 Freunde, eine einzige Nacht. Eine Party mit Cocktails,&hellip;<\/p>\n","protected":false},"author":1,"featured_media":2552,"parent":27,"menu_order":6,"comment_status":"closed","ping_status":"closed","template":"","meta":{"footnotes":""},"class_list":["post-2551","page","type-page","status-publish","has-post-thumbnail","hentry"],"_links":{"self":[{"href":"https:\/\/s-ng.de\/index.php?rest_route=\/wp\/v2\/pages\/2551","targetHints":{"allow":["GET"]}}],"collection":[{"href":"https:\/\/s-ng.de\/index.php?rest_route=\/wp\/v2\/pages"}],"about":[{"href":"https:\/\/s-ng.de\/index.php?rest_route=\/wp\/v2\/types\/page"}],"author":[{"embeddable":true,"href":"https:\/\/s-ng.de\/index.php?rest_route=\/wp\/v2\/users\/1"}],"replies":[{"embeddable":true,"href":"https:\/\/s-ng.de\/index.php?rest_route=%2Fwp%2Fv2%2Fcomments&post=2551"}],"version-history":[{"count":31,"href":"https:\/\/s-ng.de\/index.php?rest_route=\/wp\/v2\/pages\/2551\/revisions"}],"predecessor-version":[{"id":2632,"href":"https:\/\/s-ng.de\/index.php?rest_route=\/wp\/v2\/pages\/2551\/revisions\/2632"}],"up":[{"embeddable":true,"href":"https:\/\/s-ng.de\/index.php?rest_route=\/wp\/v2\/pages\/27"}],"wp:featuredmedia":[{"embeddable":true,"href":"https:\/\/s-ng.de\/index.php?rest_route=\/wp\/v2\/media\/2552"}],"wp:attachment":[{"href":"https:\/\/s-ng.de\/index.php?rest_route=%2Fwp%2Fv2%2Fmedia&parent=2551"}],"curies":[{"name":"wp","href":"https:\/\/api.w.org\/{rel}","templated":true}]}}