{"id":27,"date":"2011-10-10T18:46:45","date_gmt":"2011-10-10T16:46:45","guid":{"rendered":"http:\/\/brahms:81\/?page_id=27"},"modified":"2025-02-16T17:51:59","modified_gmt":"2025-02-16T16:51:59","slug":"autorin","status":"publish","type":"page","link":"https:\/\/s-ng.de\/?page_id=27","title":{"rendered":"Schreiben &#8211; Romane und Geschichten"},"content":{"rendered":"\n<h4 class=\"wp-block-heading\">Bisher ver\u00f6ffentlicht:<\/h4>\n\n\n\n<figure class=\"wp-block-image alignwide size-large\"><a href=\"https:\/\/s-ng.de\/?page_id=1016\"><img loading=\"lazy\" decoding=\"async\" width=\"700\" height=\"455\" src=\"https:\/\/s-ng.de\/wp-content\/uploads\/2021\/11\/ID-Button-gr\u00f6\u00dfer-700x455.jpg\" alt=\"Irgendwie dazwischen oder: Das mit Percy - Coming-of-Age-Roman f\u00fcr Jugendliche ab 14 und Erwachsene. Freundschaft, Liebe, LGBT, LGBTQ, queer, non-binary, nicht-bin\u00e4r, Legasthenie, Hochbegabung, Leben mit einem psychisch kranken Elternteil\" class=\"wp-image-2053\" srcset=\"https:\/\/s-ng.de\/wp-content\/uploads\/2021\/11\/ID-Button-gr\u00f6\u00dfer-700x455.jpg 700w, https:\/\/s-ng.de\/wp-content\/uploads\/2021\/11\/ID-Button-gr\u00f6\u00dfer-300x195.jpg 300w, https:\/\/s-ng.de\/wp-content\/uploads\/2021\/11\/ID-Button-gr\u00f6\u00dfer-768x499.jpg 768w, https:\/\/s-ng.de\/wp-content\/uploads\/2021\/11\/ID-Button-gr\u00f6\u00dfer-1536x998.jpg 1536w, https:\/\/s-ng.de\/wp-content\/uploads\/2021\/11\/ID-Button-gr\u00f6\u00dfer-1600x1040.jpg 1600w, https:\/\/s-ng.de\/wp-content\/uploads\/2021\/11\/ID-Button-gr\u00f6\u00dfer.jpg 2000w\" sizes=\"auto, (max-width: 700px) 100vw, 700px\" \/><\/a><figcaption class=\"wp-element-caption\"><a rel=\"noreferrer noopener\" aria-label=\"mehr Infos zum Buch (\u00f6ffnet in neuem Tab)\" href=\"https:\/\/s-ng.de\/?page_id=1016\" target=\"_blank\">mehr Infos zum Buch<\/a> &#8211; <a rel=\"noreferrer noopener\" aria-label=\"zur Leseprobe (\u00f6ffnet in neuem Tab)\" href=\"https:\/\/www.amazon.de\/dp\/B09JZYQ46M?asin=B09JZYQ46M&amp;revisionId=de65405b&amp;format=1&amp;depth=1\" target=\"_blank\">zur Leseprobe<\/a> &#8211; <a href=\"https:\/\/s-ng.de\/?p=2080\">mehr Leserstimmen<\/a> &#8211; <a href=\"https:\/\/s-ng.de\/?page_id=2134\">Informationen f\u00fcr Buchh\u00e4ndler*innen<\/a><\/figcaption><\/figure>\n\n\n\n<figure class=\"wp-block-image alignwide size-large\"><img loading=\"lazy\" decoding=\"async\" width=\"700\" height=\"420\" src=\"https:\/\/s-ng.de\/wp-content\/uploads\/2020\/04\/Wdeb-Button-gr\u00f6\u00dfer-1-700x420.jpg\" alt=\"Weil du es bist - Liebesroman\/Drama. Liebe, Freundschaft, Querschnittl\u00e4hmung, Rollstuhl, Behinderung, Verlust, Trauer, Gl\u00fcck, Weiterleben, Neuanfang\" class=\"wp-image-1975\" srcset=\"https:\/\/s-ng.de\/wp-content\/uploads\/2020\/04\/Wdeb-Button-gr\u00f6\u00dfer-1-700x420.jpg 700w, https:\/\/s-ng.de\/wp-content\/uploads\/2020\/04\/Wdeb-Button-gr\u00f6\u00dfer-1-300x180.jpg 300w, https:\/\/s-ng.de\/wp-content\/uploads\/2020\/04\/Wdeb-Button-gr\u00f6\u00dfer-1-768x461.jpg 768w, https:\/\/s-ng.de\/wp-content\/uploads\/2020\/04\/Wdeb-Button-gr\u00f6\u00dfer-1-1536x922.jpg 1536w, https:\/\/s-ng.de\/wp-content\/uploads\/2020\/04\/Wdeb-Button-gr\u00f6\u00dfer-1-1600x960.jpg 1600w, https:\/\/s-ng.de\/wp-content\/uploads\/2020\/04\/Wdeb-Button-gr\u00f6\u00dfer-1.jpg 2000w\" sizes=\"auto, (max-width: 700px) 100vw, 700px\" \/><figcaption class=\"wp-element-caption\">  <a rel=\"noreferrer noopener\" href=\"https:\/\/s-ng.de\/?page_id=1061\" target=\"_blank\">mehr Infos zum Buch<\/a> &#8211; <a rel=\"noreferrer noopener\" href=\"https:\/\/s-ng.de\/?page_id=188\" target=\"_blank\">zur Leseprobe<\/a> &#8211; <a rel=\"noreferrer noopener\" href=\"https:\/\/s-ng.de\/?page_id=1295\" target=\"_blank\">mehr Leserstimmen<\/a> &#8211; <a href=\"https:\/\/s-ng.de\/?page_id=2134\">Informationen f\u00fcr Buchh\u00e4ndler*innen<\/a><\/figcaption><\/figure>\n\n\n\n<figure class=\"wp-block-image alignwide size-large\"><img loading=\"lazy\" decoding=\"async\" width=\"700\" height=\"420\" src=\"https:\/\/s-ng.de\/wp-content\/uploads\/2020\/04\/\u00dcdB-Button-gr\u00f6\u00dfer-700x420.jpg\" alt=\"\u00dcber den Berg - Kurzgeschichte. Freundschaft, Querschnittl\u00e4hmung, Rollstuhl, Behinderung, Verlust, Trauer, Weiterleben, Hoffnung\" class=\"wp-image-1968\" srcset=\"https:\/\/s-ng.de\/wp-content\/uploads\/2020\/04\/\u00dcdB-Button-gr\u00f6\u00dfer-700x420.jpg 700w, https:\/\/s-ng.de\/wp-content\/uploads\/2020\/04\/\u00dcdB-Button-gr\u00f6\u00dfer-300x180.jpg 300w, https:\/\/s-ng.de\/wp-content\/uploads\/2020\/04\/\u00dcdB-Button-gr\u00f6\u00dfer-768x461.jpg 768w, https:\/\/s-ng.de\/wp-content\/uploads\/2020\/04\/\u00dcdB-Button-gr\u00f6\u00dfer-1536x922.jpg 1536w, https:\/\/s-ng.de\/wp-content\/uploads\/2020\/04\/\u00dcdB-Button-gr\u00f6\u00dfer-1600x960.jpg 1600w, https:\/\/s-ng.de\/wp-content\/uploads\/2020\/04\/\u00dcdB-Button-gr\u00f6\u00dfer.jpg 2000w\" sizes=\"auto, (max-width: 700px) 100vw, 700px\" \/><figcaption class=\"wp-element-caption\"> <a rel=\"noreferrer noopener\" href=\"https:\/\/s-ng.de\/?page_id=41\" target=\"_blank\">mehr Infos, Leseprobe und mehr Leserstimmen<\/a> &#8211; <a href=\"https:\/\/s-ng.de\/?page_id=2134\">Informationen f\u00fcr Buchh\u00e4ndler*innen<\/a><\/figcaption><\/figure>\n\n\n\n<figure class=\"wp-block-image alignwide size-large\"><img loading=\"lazy\" decoding=\"async\" width=\"700\" height=\"407\" src=\"https:\/\/s-ng.de\/wp-content\/uploads\/2020\/04\/Zur\u00fcck-Button-gr\u00f6\u00dfer-1-700x407.jpg\" alt=\"Zur\u00fcck. - Kurzgeschichte. Freundschaft, Liebe, Party, tanzen, Rollstuhl, Querschnittl\u00e4hmung, Behinderung, Gl\u00fcck\" class=\"wp-image-1972\" srcset=\"https:\/\/s-ng.de\/wp-content\/uploads\/2020\/04\/Zur\u00fcck-Button-gr\u00f6\u00dfer-1-700x407.jpg 700w, https:\/\/s-ng.de\/wp-content\/uploads\/2020\/04\/Zur\u00fcck-Button-gr\u00f6\u00dfer-1-300x175.jpg 300w, https:\/\/s-ng.de\/wp-content\/uploads\/2020\/04\/Zur\u00fcck-Button-gr\u00f6\u00dfer-1-768x447.jpg 768w, https:\/\/s-ng.de\/wp-content\/uploads\/2020\/04\/Zur\u00fcck-Button-gr\u00f6\u00dfer-1-1536x894.jpg 1536w, https:\/\/s-ng.de\/wp-content\/uploads\/2020\/04\/Zur\u00fcck-Button-gr\u00f6\u00dfer-1-1600x931.jpg 1600w, https:\/\/s-ng.de\/wp-content\/uploads\/2020\/04\/Zur\u00fcck-Button-gr\u00f6\u00dfer-1.jpg 2000w\" sizes=\"auto, (max-width: 700px) 100vw, 700px\" \/><figcaption class=\"wp-element-caption\">  <a rel=\"noreferrer noopener\" href=\"https:\/\/s-ng.de\/?page_id=290\" target=\"_blank\">mehr Infos, Leseprobe und mehr Leserstimmen<\/a> &#8211; <a href=\"https:\/\/s-ng.de\/?page_id=2134\">Informationen f\u00fcr Buchh\u00e4ndler*innen<\/a><\/figcaption><\/figure>\n\n\n\n<figure class=\"wp-block-image alignwide size-large\"><img loading=\"lazy\" decoding=\"async\" width=\"700\" height=\"415\" src=\"https:\/\/s-ng.de\/wp-content\/uploads\/2022\/07\/GS-Button-gr\u00f6\u00dfer-2-700x415.jpg\" alt=\"Gipfelst\u00fcrmer - Kurzgeschichte Authorschallenge. Brocken, Harz, Bergsteigen, Bergwandern, Rollstuhl, Querschnittl\u00e4hmung, Behinderung, Freundschaft, Liebe, Herausforderung, Weiterleben, Neuanfang, Traumabew\u00e4ltigung, Gl\u00fcck\" class=\"wp-image-2270\" srcset=\"https:\/\/s-ng.de\/wp-content\/uploads\/2022\/07\/GS-Button-gr\u00f6\u00dfer-2-700x415.jpg 700w, https:\/\/s-ng.de\/wp-content\/uploads\/2022\/07\/GS-Button-gr\u00f6\u00dfer-2-300x178.jpg 300w, https:\/\/s-ng.de\/wp-content\/uploads\/2022\/07\/GS-Button-gr\u00f6\u00dfer-2-768x456.jpg 768w, https:\/\/s-ng.de\/wp-content\/uploads\/2022\/07\/GS-Button-gr\u00f6\u00dfer-2-1536x912.jpg 1536w, https:\/\/s-ng.de\/wp-content\/uploads\/2022\/07\/GS-Button-gr\u00f6\u00dfer-2-1600x950.jpg 1600w, https:\/\/s-ng.de\/wp-content\/uploads\/2022\/07\/GS-Button-gr\u00f6\u00dfer-2.jpg 2000w\" sizes=\"auto, (max-width: 700px) 100vw, 700px\" \/><figcaption class=\"wp-element-caption\"><a href=\"https:\/\/s-ng.de\/?page_id=2014\">   mehr Infos, Leseprobe und mehr Leserstimmen<\/a> &#8211; <a href=\"https:\/\/s-ng.de\/?page_id=2134\">Informationen f\u00fcr Buchh\u00e4ndler*innen<\/a> <\/figcaption><\/figure>\n\n\n\n<figure class=\"wp-block-image alignwide size-large\"><a href=\"https:\/\/s-ng.de\/wp-content\/uploads\/2023\/12\/31-Tage-Button-groesser.jpg\"><img loading=\"lazy\" decoding=\"async\" width=\"700\" height=\"420\" src=\"https:\/\/s-ng.de\/wp-content\/uploads\/2023\/12\/31-Tage-Button-groesser-700x420.jpg\" alt=\"\" class=\"wp-image-2604\" srcset=\"https:\/\/s-ng.de\/wp-content\/uploads\/2023\/12\/31-Tage-Button-groesser-700x420.jpg 700w, https:\/\/s-ng.de\/wp-content\/uploads\/2023\/12\/31-Tage-Button-groesser-300x180.jpg 300w, https:\/\/s-ng.de\/wp-content\/uploads\/2023\/12\/31-Tage-Button-groesser-768x461.jpg 768w, https:\/\/s-ng.de\/wp-content\/uploads\/2023\/12\/31-Tage-Button-groesser-1536x922.jpg 1536w, https:\/\/s-ng.de\/wp-content\/uploads\/2023\/12\/31-Tage-Button-groesser-1600x960.jpg 1600w, https:\/\/s-ng.de\/wp-content\/uploads\/2023\/12\/31-Tage-Button-groesser.jpg 2000w\" sizes=\"auto, (max-width: 700px) 100vw, 700px\" \/><\/a><figcaption class=\"wp-element-caption\"><a href=\"https:\/\/s-ng.de\/?page_id=2014\">  <\/a><a href=\"https:\/\/s-ng.de\/?page_id=2551\">mehr Infos, Leseprobe und mehr Leserstimmen<\/a> &#8211; <a href=\"https:\/\/s-ng.de\/?page_id=2134\">Informationen f\u00fcr Buchh\u00e4ndler*innen <\/a><\/figcaption><\/figure>\n\n\n\n<figure class=\"wp-block-image alignwide size-large\"><a href=\"https:\/\/s-ng.de\/?page_id=2578\" target=\"_blank\" rel=\" noreferrer noopener\"><img loading=\"lazy\" decoding=\"async\" width=\"700\" height=\"420\" src=\"https:\/\/s-ng.de\/wp-content\/uploads\/2025\/02\/WWZL-Button-groesser-700x420.jpg\" alt=\"\" class=\"wp-image-2699\" srcset=\"https:\/\/s-ng.de\/wp-content\/uploads\/2025\/02\/WWZL-Button-groesser-700x420.jpg 700w, https:\/\/s-ng.de\/wp-content\/uploads\/2025\/02\/WWZL-Button-groesser-300x180.jpg 300w, https:\/\/s-ng.de\/wp-content\/uploads\/2025\/02\/WWZL-Button-groesser-768x461.jpg 768w, https:\/\/s-ng.de\/wp-content\/uploads\/2025\/02\/WWZL-Button-groesser-1536x922.jpg 1536w, https:\/\/s-ng.de\/wp-content\/uploads\/2025\/02\/WWZL-Button-groesser-1600x960.jpg 1600w, https:\/\/s-ng.de\/wp-content\/uploads\/2025\/02\/WWZL-Button-groesser.jpg 2000w\" sizes=\"auto, (max-width: 700px) 100vw, 700px\" \/><\/a><figcaption class=\"wp-element-caption\"><a href=\"https:\/\/s-ng.de\/?page_id=2578\" target=\"_blank\" rel=\"noreferrer noopener\">mehr Infos, Leseprobe und mehr Leserstimmen &#8211; <\/a><a href=\"https:\/\/s-ng.de\/?page_id=2134\">Informationen f\u00fcr Buchh\u00e4ndler*innen<\/a><\/figcaption><\/figure>\n\n\n\n<p><strong>Aus der Schreibstube:<\/strong><\/p>\n\n\n\n<p>Das Schreiben z\u00e4hlt zu meinen Hobbys, seitdem ich in der Schule schreiben gelernt habe. Bereits in der Grundschulzeit schrieb ich &#8222;B\u00fccher&#8220;, damals noch von Hand und in Schulheften, w\u00e4hrend meiner Zeit auf dem Gymnasium dann mit der Schreibmaschine und sp\u00e4ter dann auf dem Computer. Viele dieser &#8222;Werke&#8220; kopierte mein Vater in der Firma, sodass sie von Freunden und Verwandten gelesen werden konnten.<\/p>\n\n\n\n<p>Auch heute liebe ich es, beim Schreiben f\u00fcr eine gewisse Zeit nahezu vollst\u00e4ndig in die Gedanken-, Gef\u00fchls- und Erlebenswelt meiner Protagonisten einzutauchen. Das ist eine ausgesprochen intensive Erfahrung. Wenn dabei eine in sich stimmige und den Leser fesselnde und ber\u00fchrende Geschichte entsteht, die man selbst verfasst hat, ist das ein wahnsinnig begl\u00fcckendes Gef\u00fchl.<\/p>\n\n\n\n<p>Im Januar 2011 begann ich meine Werke bzw. Leseproben aus ihnen erstmals \u00f6ffentlicher Kritik zu stellen, indem ich sie auf der Plattform <a href=\"http:\/\/www.neobooks.com\">neobooks.com<\/a> einstellte. Die Leserfeedbacks, die ich dort erhalten habe, bereiteten mir viel Freude, gaben wichtige \u00dcberarbeitungshinweise und best\u00e4rkten mich in meinem Bestreben, einige meiner Werke zu ver\u00f6ffentlichen. Dadurch, dass ich im Oktober 2012 Zwillinge bekam, musste ich mit dem Schreiben pausieren, genau in dem Moment, als der richtige Zeitpunkt, das Ver\u00f6ffentlichen ernsthaft voranzutreiben, gekommen war. Seit Dezember 2018 besch\u00e4ftige ich mich wieder intensiv mit dem Schreiben und \u00dcberarbeiten. Im Dezember 2019 brachte ich meinen Deb\u00fctroman &#8222;Weil du es bist&#8220; sowie zwei Kurzgeschichten, &#8222;\u00dcber den Berg&#8220; und &#8222;Zur\u00fcck.&#8220; im Selfpublishing heraus. Ende Oktober 2021 folgte mein zweiter Roman, &#8222;Irgendwie dazwischen oder: Das mit Percy&#8220;. Die dritte Kurzgeschichte, &#8222;Gipfelst\u00fcrmer&#8220; erschien im Mai 2022. Im November 2023 ver\u00f6ffentlichte ich mit &#8222;Einunddrei\u00dfig Tage in einer einzigen Nacht&#8220; mein sechstes Buch. Am 13. Februar 2025 erschien mit &#8222;Weil wir zusammen leuchten&#8220; schlie\u00dflich die von vielen lang ersehnte Fortsetzung von &#8222;Weil du es bist&#8220;.<\/p>\n\n\n\n<p><\/p>\n<div class=\"pvc_clear\"><\/div><p id=\"pvc_stats_27\" class=\"pvc_stats all  \" data-element-id=\"27\" style=\"\"><i class=\"pvc-stats-icon small\" aria-hidden=\"true\"><svg aria-hidden=\"true\" focusable=\"false\" data-prefix=\"far\" data-icon=\"chart-bar\" role=\"img\" xmlns=\"http:\/\/www.w3.org\/2000\/svg\" viewBox=\"0 0 512 512\" class=\"svg-inline--fa fa-chart-bar fa-w-16 fa-2x\"><path fill=\"currentColor\" d=\"M396.8 352h22.4c6.4 0 12.8-6.4 12.8-12.8V108.8c0-6.4-6.4-12.8-12.8-12.8h-22.4c-6.4 0-12.8 6.4-12.8 12.8v230.4c0 6.4 6.4 12.8 12.8 12.8zm-192 0h22.4c6.4 0 12.8-6.4 12.8-12.8V140.8c0-6.4-6.4-12.8-12.8-12.8h-22.4c-6.4 0-12.8 6.4-12.8 12.8v198.4c0 6.4 6.4 12.8 12.8 12.8zm96 0h22.4c6.4 0 12.8-6.4 12.8-12.8V204.8c0-6.4-6.4-12.8-12.8-12.8h-22.4c-6.4 0-12.8 6.4-12.8 12.8v134.4c0 6.4 6.4 12.8 12.8 12.8zM496 400H48V80c0-8.84-7.16-16-16-16H16C7.16 64 0 71.16 0 80v336c0 17.67 14.33 32 32 32h464c8.84 0 16-7.16 16-16v-16c0-8.84-7.16-16-16-16zm-387.2-48h22.4c6.4 0 12.8-6.4 12.8-12.8v-70.4c0-6.4-6.4-12.8-12.8-12.8h-22.4c-6.4 0-12.8 6.4-12.8 12.8v70.4c0 6.4 6.4 12.8 12.8 12.8z\" class=\"\"><\/path><\/svg><\/i> <img loading=\"lazy\" decoding=\"async\" width=\"16\" height=\"16\" alt=\"Loading\" src=\"https:\/\/s-ng.de\/wp-content\/plugins\/page-views-count\/ajax-loader-2x.gif\" border=0 \/><\/p><div class=\"pvc_clear\"><\/div>","protected":false},"excerpt":{"rendered":"<p>Bisher ver\u00f6ffentlicht: Aus der Schreibstube: Das Schreiben z\u00e4hlt zu meinen Hobbys, seitdem ich in der Schule schreiben gelernt habe. Bereits&hellip;<\/p>\n","protected":false},"author":1,"featured_media":0,"parent":0,"menu_order":3,"comment_status":"closed","ping_status":"closed","template":"","meta":{"footnotes":""},"class_list":["post-27","page","type-page","status-publish","hentry"],"_links":{"self":[{"href":"https:\/\/s-ng.de\/index.php?rest_route=\/wp\/v2\/pages\/27","targetHints":{"allow":["GET"]}}],"collection":[{"href":"https:\/\/s-ng.de\/index.php?rest_route=\/wp\/v2\/pages"}],"about":[{"href":"https:\/\/s-ng.de\/index.php?rest_route=\/wp\/v2\/types\/page"}],"author":[{"embeddable":true,"href":"https:\/\/s-ng.de\/index.php?rest_route=\/wp\/v2\/users\/1"}],"replies":[{"embeddable":true,"href":"https:\/\/s-ng.de\/index.php?rest_route=%2Fwp%2Fv2%2Fcomments&post=27"}],"version-history":[{"count":66,"href":"https:\/\/s-ng.de\/index.php?rest_route=\/wp\/v2\/pages\/27\/revisions"}],"predecessor-version":[{"id":2704,"href":"https:\/\/s-ng.de\/index.php?rest_route=\/wp\/v2\/pages\/27\/revisions\/2704"}],"wp:attachment":[{"href":"https:\/\/s-ng.de\/index.php?rest_route=%2Fwp%2Fv2%2Fmedia&parent=27"}],"curies":[{"name":"wp","href":"https:\/\/api.w.org\/{rel}","templated":true}]}}