{"id":305,"date":"2011-10-20T19:19:22","date_gmt":"2011-10-20T17:19:22","guid":{"rendered":"http:\/\/s-ng.de\/?page_id=305"},"modified":"2020-03-31T17:30:31","modified_gmt":"2020-03-31T16:30:31","slug":"hochbegabte-kinder-in-der-grundschule-fachbuch","status":"publish","type":"page","link":"https:\/\/s-ng.de\/?page_id=305","title":{"rendered":"Hochbegabte Kinder in der Grundschule &#8211; Fachbuch"},"content":{"rendered":"<p><a href=\"https:\/\/s-ng.de\/wp-content\/uploads\/2011\/10\/hbkidgs.jpg\"><img loading=\"lazy\" decoding=\"async\" class=\"alignleft size-medium wp-image-306\" title=\"Cover Hochbegabte Kinder in der Grundschule\" src=\"https:\/\/s-ng.de\/wp-content\/uploads\/2011\/10\/hbkidgs-208x300.jpg\" alt=\"\" width=\"284\" height=\"410\" \/><\/a><span style=\"color: #333399;\">Dieses Buch richtet sich vor allem an Grundschullehrkr\u00e4fte und an Eltern. Im Blickfeld stehen Kinder, die unter den Bedingungen in der Schule leiden, weil sie mehr leisten k\u00f6nnen und sich auch oft \u00bbanders\u00ab f\u00fchlen als ihre Mitsch\u00fcler. Das Buch zeigt auf, wie wichtig es ist, sich auch dieser Sch\u00fcler anzunehmen, und stellt anhand vieler Anregungen \u00bbaus der Praxis\u00ab M\u00f6glichkeiten der Umsetzung z. B. im Rahmen von Differenzierungsma\u00dfnahmen und Elementen Offenen Unterrichts vor.<\/span><\/p>\n<p><span style=\"color: #333399;\">Das Thema \u00dcberspringen wird ebenso umfassend er\u00f6rtert wie die Frage nach einem \u00bbbegabungsfreundlichen Klima\u00ab, von dem letztlich alle Sch\u00fcler profitieren.<\/span><\/p>\n<p>220 Seiten<br \/>\n2. Auflage 2004<br \/>\nISBN 3-8258-5348-9<br \/>\nPreis: 17,90 EUR<\/p>\n<p>Dieses Buch k\u00f6nnen Sie \u00fcber <a href=\"http:\/\/www.amazon.de\/gp\/offer-listing\/3825853489\/ref=dp_olp_0?ie=UTF8&amp;redirect=true&amp;qid=1319131068&amp;sr=8-1&amp;condition=all\" target=\"_blank\" rel=\"noopener noreferrer\">amazon. de marketplace<\/a> online erwerben.<\/p>\n<p>Das Buch wird in dem Ratgeber &#8222;<a href=\"www.bmbf.de\/pub\/begabte_kinder_finden_und_foerdern.pdf\">Begabte Kinder finden und f\u00f6rdern<\/a>&#8220; des Bundesministeriums f\u00fcr Bildung und Forschung auf S. 124 empfohlen.<br \/>\nAuch die Deutsche Gesellschaft f\u00fcr das Hochbegabte Kind (DGhK) f\u00fchrt das Buch in ihrer <a href=\"http:\/\/www.dghk.de\/litlist.html\" target=\"_blank\" rel=\"noopener noreferrer\">Literaturliste<\/a>, genauso wie andere einschl\u00e4gige Internetseiten von Vereinen, Schul\u00e4mtern und \u00e4hnlichen Institutionen, die sich mit dem Thema &#8222;Hochbegabung&#8220; befassen.<\/p>\n<p>In sp\u00e4teren Ver\u00f6ffentlichungen anderer Autoren wird mein Buch gelegentlich zitiert, und auch Magazine wie <a href=\"http:\/\/www.focus.de\/schule\/familie\/familie-genies-erfinden-sich-eine-eigene-welt_aid_231548.html\" target=\"_blank\" rel=\"noopener noreferrer\">Focus Schule<\/a> f\u00fchren es in ihren Literaturtipps.<\/p>\n<p>\u2192 weiter informieren:<br \/>\n<a href=\"https:\/\/s-ng.de\/?page_id=314\">Inhaltsverzeichnis<\/a><br \/>\n<a href=\"https:\/\/s-ng.de\/?page_id=323\">Zusammenfassung<\/a><br \/>\n<a href=\"https:\/\/s-ng.de\/?page_id=331\">Rezensionen<\/a><\/p>\n<p>\u2191<a href=\"https:\/\/s-ng.de\/?page_id=305\">nach oben<\/a><\/p>\n<div class=\"pvc_clear\"><\/div>\n<p id=\"pvc_stats_305\" class=\"pvc_stats all  \" data-element-id=\"305\" style=\"\"><i class=\"pvc-stats-icon small\" aria-hidden=\"true\"><svg aria-hidden=\"true\" focusable=\"false\" data-prefix=\"far\" data-icon=\"chart-bar\" role=\"img\" xmlns=\"http:\/\/www.w3.org\/2000\/svg\" viewBox=\"0 0 512 512\" class=\"svg-inline--fa fa-chart-bar fa-w-16 fa-2x\"><path fill=\"currentColor\" d=\"M396.8 352h22.4c6.4 0 12.8-6.4 12.8-12.8V108.8c0-6.4-6.4-12.8-12.8-12.8h-22.4c-6.4 0-12.8 6.4-12.8 12.8v230.4c0 6.4 6.4 12.8 12.8 12.8zm-192 0h22.4c6.4 0 12.8-6.4 12.8-12.8V140.8c0-6.4-6.4-12.8-12.8-12.8h-22.4c-6.4 0-12.8 6.4-12.8 12.8v198.4c0 6.4 6.4 12.8 12.8 12.8zm96 0h22.4c6.4 0 12.8-6.4 12.8-12.8V204.8c0-6.4-6.4-12.8-12.8-12.8h-22.4c-6.4 0-12.8 6.4-12.8 12.8v134.4c0 6.4 6.4 12.8 12.8 12.8zM496 400H48V80c0-8.84-7.16-16-16-16H16C7.16 64 0 71.16 0 80v336c0 17.67 14.33 32 32 32h464c8.84 0 16-7.16 16-16v-16c0-8.84-7.16-16-16-16zm-387.2-48h22.4c6.4 0 12.8-6.4 12.8-12.8v-70.4c0-6.4-6.4-12.8-12.8-12.8h-22.4c-6.4 0-12.8 6.4-12.8 12.8v70.4c0 6.4 6.4 12.8 12.8 12.8z\" class=\"\"><\/path><\/svg><\/i> <img loading=\"lazy\" decoding=\"async\" width=\"16\" height=\"16\" alt=\"Loading\" src=\"https:\/\/s-ng.de\/wp-content\/plugins\/page-views-count\/ajax-loader-2x.gif\" border=0 \/><\/p>\n<div class=\"pvc_clear\"><\/div>\n","protected":false},"excerpt":{"rendered":"<p>Dieses Buch richtet sich vor allem an Grundschullehrkr\u00e4fte und an Eltern. Im Blickfeld stehen Kinder, die unter den Bedingungen in&hellip;<\/p>\n","protected":false},"author":1,"featured_media":0,"parent":59,"menu_order":1,"comment_status":"closed","ping_status":"closed","template":"","meta":{"footnotes":""},"class_list":["post-305","page","type-page","status-publish","hentry"],"_links":{"self":[{"href":"https:\/\/s-ng.de\/index.php?rest_route=\/wp\/v2\/pages\/305","targetHints":{"allow":["GET"]}}],"collection":[{"href":"https:\/\/s-ng.de\/index.php?rest_route=\/wp\/v2\/pages"}],"about":[{"href":"https:\/\/s-ng.de\/index.php?rest_route=\/wp\/v2\/types\/page"}],"author":[{"embeddable":true,"href":"https:\/\/s-ng.de\/index.php?rest_route=\/wp\/v2\/users\/1"}],"replies":[{"embeddable":true,"href":"https:\/\/s-ng.de\/index.php?rest_route=%2Fwp%2Fv2%2Fcomments&post=305"}],"version-history":[{"count":15,"href":"https:\/\/s-ng.de\/index.php?rest_route=\/wp\/v2\/pages\/305\/revisions"}],"predecessor-version":[{"id":1585,"href":"https:\/\/s-ng.de\/index.php?rest_route=\/wp\/v2\/pages\/305\/revisions\/1585"}],"up":[{"embeddable":true,"href":"https:\/\/s-ng.de\/index.php?rest_route=\/wp\/v2\/pages\/59"}],"wp:attachment":[{"href":"https:\/\/s-ng.de\/index.php?rest_route=%2Fwp%2Fv2%2Fmedia&parent=305"}],"curies":[{"name":"wp","href":"https:\/\/api.w.org\/{rel}","templated":true}]}}