{"id":323,"date":"2011-10-20T19:49:44","date_gmt":"2011-10-20T17:49:44","guid":{"rendered":"http:\/\/s-ng.de\/?page_id=323"},"modified":"2011-10-20T20:24:12","modified_gmt":"2011-10-20T18:24:12","slug":"zusammenfassung","status":"publish","type":"page","link":"https:\/\/s-ng.de\/?page_id=323","title":{"rendered":"Zusammenfassung"},"content":{"rendered":"<h1>Zusammenfassung<\/h1>\n<p>Im Mittelpunkt des Buches \u00bbHochbegabte Kinder in der Grundschule. Erkennen &#8211; Verstehen &#8211; Im Unterricht ber\u00fccksichtigen\u00ab stehen \u00fcberdurchschnittlich begabte Kinder im Grundschulalter.<\/p>\n<p>In meinem Buch spreche ich nicht von \u00bbHochbegabung\u00ab, sondern von <strong>\u00bb\u00fcberdurchschnittlicher Begabung\u00ab<\/strong>. Damit will ich dem Leser deutlich machen, dass es nicht nur um die H\u00f6chstbegabten, die wir aus Zeitungsberichten und Fernsehshows kennen und die bereits im Grundschulalter Leistungen von Hochschulabsolvent\/innen erreichen, geht, sondern um alle diejenigen Kinder, die unter den Bedingungen an unseren Schule leiden, weil sie mehr leisten k\u00f6nnen, als im Allgemeinen von Sch\u00fcler\/innen ihrer Altersstufe gefordert wird. Auch viele Kinder, die nicht mit Bestnoten gl\u00e4nzen, geh\u00f6ren zu dieser Sch\u00fcler\/innengruppe.<\/p>\n<p>Wie der Titel des Buches ank\u00fcndigt, soll das Buch helfen, \u00fcberdurchschnittlich begabte Kinder in der Grundschule zu <strong>erkennen<\/strong>, sie in ihrer Besonderheit zu <strong>verstehen<\/strong> und ihre Bed\u00fcrfnisse <strong>im Unterricht<\/strong> ad\u00e4quat zu <strong>ber\u00fccksichtigen<\/strong>.<\/p>\n<p><strong>Erkennen<\/strong> deshalb, weil uns die \u00fcberdurchschnittlich begabten Kinder nicht immer sofort im Unterricht auffallen. Viele von ihnen bringen sehr gute Leistungen &#8211; aber das tun auch andere Kinder. Und eine gro\u00dfe Anzahl besonders begabter Kinder f\u00e4llt im Unterricht gar nicht durch besonders gute Leistungen auf &#8211; oder geh\u00f6ren sogar zu den Schulversagern. Kinder, deren \u00fcberdurchschnittliche Begabung nicht erkannt und damit auch nicht ber\u00fccksichtigt wird, k\u00f6nnen gravierende St\u00f6rungen in ihrer Pers\u00f6nlichkeits- und Leistungsentwicklung bekommen.<\/p>\n<p>Im ersten Kapitel des Buches gebe ich Begriffskl\u00e4rungen und -bestimmungen zu wichtigen Begriffen wie Intelligenz, Kreativit\u00e4t, Begabung und Hochbegabung und stelle Merkmale \u00fcberdurchschnittlich begabter Kinder vor. Es ist f\u00fcr Lehrer\/innen und Eltern wichtig, eine m\u00f6glicherweise vorhandene \u00fcberdurchschnittliche Begabung auch ohne Intelligenztest zu erkennen, denn bevor ein Kind getestet wird, muss jemand auf es aufmerksam geworden sein.<\/p>\n<p>Die Frage nach dem <strong>Verstehen<\/strong> der Besonderheiten und Bed\u00fcrfnisse dieser Kinder nimmt einen gro\u00dfen Bereich des Buches ein. Die Besonderheiten und Bed\u00fcrfnisse \u00fcberdurchschnittlich begabter Kinder im Grundschulalter werden sowohl anhand von theoretischen \u00dcberlegungen als auch mittels dreier Fallbeispiele entfaltet und neben der gesellschaftlichen Dimension als Begr\u00fcndung f\u00fcr die<strong> Notwendigkeit der wertsch\u00e4tzenden Annahme und F\u00f6rderung<\/strong> begriffen. Vorurteile gegen Begabtenf\u00f6rderung werden im Lichte der <em>Begabungsf\u00f6rderung f\u00fcr alle<\/em> behutsam gepr\u00fcft und entkr\u00e4ftet. Es wird beschrieben, unter welchen schulischen Umst\u00e4nden besonders begabte Kinder h\u00e4ufig leiden, und die Hintergr\u00fcnde hierf\u00fcr werden aufgezeigt. Die Fallbeispiele und die Ausf\u00fchrungen zeigen auch, dass es <em>viele<\/em> dieser Kinder gibt und dass es nicht auf den \u00bbStempel\u00ab der Hochbegabung oder auf einen bestimmten IQ ankommt, sondern einzig und allein darauf, dass es Kinder gibt, die in ihrer intellektuellen Leistungsf\u00e4higkeit so sehr vom Durchschnitt ihrer Bezugsgruppe nach oben abweichen, dass besondere Bed\u00fcrfnisse entstehen, die <strong>im Interesse einer gesunden Pers\u00f6nlichkeitsentwicklung<\/strong> ber\u00fccksichtigt werden m\u00fcssen.<\/p>\n<p>Im zweiten Teil meines Buches werden daraus 10 Forderungen an Schule und Unterricht abgeleitet, deren Umsetzung eine m\u00f6glichst gute <strong>Ber\u00fccksichtigung<\/strong> dieser Bed\u00fcrfnisse <strong>im Unterricht<\/strong> erm\u00f6glichen kann. Als wichtigste Forderungen m\u00f6chte ich an dieser Stelle einen verbesserten Informationsstand der Lehrkr\u00e4fte hinsichtlich des Themas, ein begabungsfreundliches Klima an der Schule und in der Klasse und einen stetigen Dialog zwischen Lehrkr\u00e4ften und Sch\u00fcler\/innen nennen.<\/p>\n<p>Im dritten Teil stelle ich M\u00f6glichkeiten der Realisation vor. Dabei geht es zun\u00e4chst ausf\u00fchrlich darum, wie die einzelne Lehrkraft f\u00fcr ein <strong>begabungsfreundliches Klima<\/strong> sorgen kann und welche Einstellungen sie bei sich, im Kollegium und in der Klasse f\u00f6rdern muss, um dies zu erreichen. Hierbei zeigt sich, dass diese Grundauffassungen in engem Zusammenhang mit denen im ersten Teil entfalteten gesellschaftlichen Bedingungen gegen bzw. f\u00fcr eine innerschulische Begabungsf\u00f6rderung stehen. Danach werden <strong>M\u00f6glichkeiten f\u00fcr die Binnendifferenzierung im vorwiegend lehrer\/innenzentrierten Unterricht<\/strong> vorgestellt. Die Ausf\u00fchrungen und Beispiele zeigen, dass auch mit geringerem zus\u00e4tzlichen Arbeitsaufwand erste Schritte in die richtige Richtung m\u00f6glich sind. Im Anschluss werden M\u00f6glichkeiten durch die <strong>\u00d6ffnung des Unterrichts<\/strong>, <strong>klassen\u00fcbergreifende M\u00f6glichkeiten<\/strong> und <strong>Chancen und Grenzen der Akzeleration<\/strong> ausgelotet.<\/p>\n<p>Alle Kapitel des dritten Teils sind mit vielen <strong>konkreten Beispielen aus der Praxis<\/strong> und aus Schulversuchen illustriert. Unterrichts<em>rezepte<\/em> k\u00f6nnen und sollen jedoch nicht geliefert werden, da die Umsetzung von der jeweiligen Lehrkraft, dem jeweiligen Kind und der Klasse abh\u00e4ngt und jeweils individuell ausgestaltet werden muss. Die vorgestellten Beispiele k\u00f6nnen jedoch denjenigen Lehrkr\u00e4ften, die f\u00fcr die Thematik aufgeschlossen (worden) sind, <strong>wertvolle Anregungen<\/strong> bieten. Das Wichtigste ist, wie in dem Buch deutlich wird, die Einstellung der Lehrkraft und ihre Bereitschaft, auch zus\u00e4tzliche Arbeit und Energie zu investieren, um allen ihren Sch\u00fcler\/innen m\u00f6glichst gerecht werden zu k\u00f6nnen. Die Ausf\u00fchrungen zeigen aber auch, dass sich dieses Engagement lohnt &#8211; sowohl f\u00fcr das einzelne \u00fcberdurchschnittlich begabte Kind als auch f\u00fcr die gesamte Klasse und die jeweilige Lehrkraft.<\/p>\n<p>Im <strong>Schlussteil<\/strong> des Buches wird nach einer Zusammenfassung ein <strong>Ausblick<\/strong> gewagt, der sich damit besch\u00e4ftigt, ob und wie M\u00f6glichkeiten vorhanden sind, unter den gegebenen Bedingungen in Schule und Gesellschaft eine fl\u00e4chendeckende Begabungsf\u00f6rderung im beschriebenen Sinne zu realisieren. Dabei werden einige Punkte angesprochen, die zurzeit einem solchen Ziel noch entgegenstehen. So endet das Buch zum einen mit einer Aufforderung an Schulbeh\u00f6rden und andere Entscheidungstr\u00e4ger, die Rahmenbedingungen zu verbessern, und zum anderen mit dem Appell an die einzelnen Lehrkr\u00e4fte, schon mal innerhalb ihrer eigenen Schule, ihrer eigenen Klasse den sich lohnenden Weg zu gehen und das M\u00f6gliche m\u00f6glich zu machen.<\/p>\n<p>Im <strong>Anhang<\/strong> befinden sich Ged\u00e4chtnisprotokolle ausf\u00fchrlicher Interviews mit Lehrerinnen und Eltern besonders begabter Kinder, Informationen zu einigen der vorgestellten Beispiele und Beispielmaterial aus dem Unterricht.<\/p>\n<p>\u2192weiter informieren:<br \/>\n<a href=\"https:\/\/s-ng.de\/?page_id=314\">Inhaltsverzeichnis<\/a><br \/>\n<a href=\"https:\/\/s-ng.de\/?page_id=331\">Rezensionen<\/a><\/p>\n<p>\u2191<a href=\"https:\/\/s-ng.de\/?page_id=323\">nach oben<\/a><\/p>\n<div class=\"pvc_clear\"><\/div>\n<p id=\"pvc_stats_323\" class=\"pvc_stats all  \" data-element-id=\"323\" style=\"\"><i class=\"pvc-stats-icon small\" aria-hidden=\"true\"><svg aria-hidden=\"true\" focusable=\"false\" data-prefix=\"far\" data-icon=\"chart-bar\" role=\"img\" xmlns=\"http:\/\/www.w3.org\/2000\/svg\" viewBox=\"0 0 512 512\" class=\"svg-inline--fa fa-chart-bar fa-w-16 fa-2x\"><path fill=\"currentColor\" d=\"M396.8 352h22.4c6.4 0 12.8-6.4 12.8-12.8V108.8c0-6.4-6.4-12.8-12.8-12.8h-22.4c-6.4 0-12.8 6.4-12.8 12.8v230.4c0 6.4 6.4 12.8 12.8 12.8zm-192 0h22.4c6.4 0 12.8-6.4 12.8-12.8V140.8c0-6.4-6.4-12.8-12.8-12.8h-22.4c-6.4 0-12.8 6.4-12.8 12.8v198.4c0 6.4 6.4 12.8 12.8 12.8zm96 0h22.4c6.4 0 12.8-6.4 12.8-12.8V204.8c0-6.4-6.4-12.8-12.8-12.8h-22.4c-6.4 0-12.8 6.4-12.8 12.8v134.4c0 6.4 6.4 12.8 12.8 12.8zM496 400H48V80c0-8.84-7.16-16-16-16H16C7.16 64 0 71.16 0 80v336c0 17.67 14.33 32 32 32h464c8.84 0 16-7.16 16-16v-16c0-8.84-7.16-16-16-16zm-387.2-48h22.4c6.4 0 12.8-6.4 12.8-12.8v-70.4c0-6.4-6.4-12.8-12.8-12.8h-22.4c-6.4 0-12.8 6.4-12.8 12.8v70.4c0 6.4 6.4 12.8 12.8 12.8z\" class=\"\"><\/path><\/svg><\/i> <img loading=\"lazy\" decoding=\"async\" width=\"16\" height=\"16\" alt=\"Loading\" src=\"https:\/\/s-ng.de\/wp-content\/plugins\/page-views-count\/ajax-loader-2x.gif\" border=0 \/><\/p>\n<div class=\"pvc_clear\"><\/div>\n","protected":false},"excerpt":{"rendered":"<p>Zusammenfassung Im Mittelpunkt des Buches \u00bbHochbegabte Kinder in der Grundschule. Erkennen &#8211; Verstehen &#8211; Im Unterricht ber\u00fccksichtigen\u00ab stehen \u00fcberdurchschnittlich begabte&hellip;<\/p>\n","protected":false},"author":1,"featured_media":0,"parent":305,"menu_order":2,"comment_status":"closed","ping_status":"closed","template":"","meta":{"footnotes":""},"class_list":["post-323","page","type-page","status-publish","hentry"],"_links":{"self":[{"href":"https:\/\/s-ng.de\/index.php?rest_route=\/wp\/v2\/pages\/323","targetHints":{"allow":["GET"]}}],"collection":[{"href":"https:\/\/s-ng.de\/index.php?rest_route=\/wp\/v2\/pages"}],"about":[{"href":"https:\/\/s-ng.de\/index.php?rest_route=\/wp\/v2\/types\/page"}],"author":[{"embeddable":true,"href":"https:\/\/s-ng.de\/index.php?rest_route=\/wp\/v2\/users\/1"}],"replies":[{"embeddable":true,"href":"https:\/\/s-ng.de\/index.php?rest_route=%2Fwp%2Fv2%2Fcomments&post=323"}],"version-history":[{"count":6,"href":"https:\/\/s-ng.de\/index.php?rest_route=\/wp\/v2\/pages\/323\/revisions"}],"predecessor-version":[{"id":351,"href":"https:\/\/s-ng.de\/index.php?rest_route=\/wp\/v2\/pages\/323\/revisions\/351"}],"up":[{"embeddable":true,"href":"https:\/\/s-ng.de\/index.php?rest_route=\/wp\/v2\/pages\/305"}],"wp:attachment":[{"href":"https:\/\/s-ng.de\/index.php?rest_route=%2Fwp%2Fv2%2Fmedia&parent=323"}],"curies":[{"name":"wp","href":"https:\/\/api.w.org\/{rel}","templated":true}]}}