{"id":443,"date":"2011-10-22T21:36:38","date_gmt":"2011-10-22T20:36:38","guid":{"rendered":"http:\/\/s-ng.de\/?page_id=443"},"modified":"2012-03-23T19:12:05","modified_gmt":"2012-03-23T18:12:05","slug":"unterrichtseinheit-vorgange-beschreiben","status":"publish","type":"page","link":"https:\/\/s-ng.de\/?page_id=443","title":{"rendered":"Unterrichtseinheit* &#8222;Vorg\u00e4nge beschreiben&#8220;"},"content":{"rendered":"<p><em>*in Bayern sagt man: &#8222;Unterrichtssequenz&#8220;<\/em><\/p>\n<p>Hauptschule, Klasse 5<\/p>\n<p><span style=\"color: #333399;\"><a href=\"https:\/\/s-ng.de\/wp-content\/uploads\/2011\/10\/P1000169.jpg\"><img loading=\"lazy\" decoding=\"async\" class=\"alignleft size-medium wp-image-462\" title=\"Eine gelungene Anleitung - vergr\u00f6\u00dferte Ansicht: bitte klicken!\" src=\"https:\/\/s-ng.de\/wp-content\/uploads\/2011\/10\/P1000169-188x300.jpg\" alt=\"\" width=\"234\" height=\"375\" \/><\/a>Die Vorgangsbeschreibung ist eines der Pflichtaufsatzthemen im 5. Schuljahr. F\u00fcr Hauptsch\u00fcler ist es oft schwierig, zusammenh\u00e4ngende Texte so zu verfassen, dass sie f\u00fcr andere verst\u00e4ndlich sind. In dieser Unterrichtseinheit wird durch den sch\u00fclerorientierten Einstieg zun\u00e4chst ein Problembewusstsein bei der Sch\u00fclern erreicht, das erm\u00f6glicht, dass die Kinder selbstst\u00e4ndig Kriterien f\u00fcr eine gelungene Anleitung herausfinden und diese dann zielgerichtet in ihren eigenen Texten umsetzen. <\/span><\/p>\n<p><em><span style=\"color: #000000;\">Material zur Ansicht finden Sie jeweils in der 1. Spalte der Tabelle. Wenn Sie Interesse an den Materialien haben, nehmen Sie bitte Kontakt mit mir auf. Ich gebe sie gern (kostenlos)<\/span><\/em><span style=\"color: #333399;\"><em><span style=\"color: #000000;\"> weiter!<\/span><\/em><\/span><\/p>\n<figure id=\"attachment_463\" aria-describedby=\"caption-attachment-463\" style=\"width: 367px\" class=\"wp-caption aligncenter\"><a href=\"https:\/\/s-ng.de\/wp-content\/uploads\/2011\/10\/P1000151.jpg\"><img loading=\"lazy\" decoding=\"async\" class=\"size-full wp-image-463 \" title=\"Der H\u00f6hepunkt der Einheit: Herstellung von Dave's Chocolate Crispies\" src=\"https:\/\/s-ng.de\/wp-content\/uploads\/2011\/10\/P1000151.jpg\" alt=\"Der H\u00f6hepunkt der Einheit: Herstellung von Dave's Chocolate Crispies\" width=\"367\" height=\"244\" \/><\/a><figcaption id=\"caption-attachment-463\" class=\"wp-caption-text\">Der H\u00f6hepunkt der Einheit: Herstellung von Dave&#39;s Chocolate Crispies<\/figcaption><\/figure>\n<h2>Die Unterrichtseinheit in der \u00dcbersicht:<\/h2>\n<table width=\"647\" border=\"1\" cellspacing=\"0\" cellpadding=\"0\">\n<tbody>\n<tr>\n<td valign=\"top\" width=\"78\">\n<p align=\"center\"><strong>Stunden\/ Material<br \/>\n<\/strong><\/p>\n<\/td>\n<td valign=\"top\" width=\"301\"><strong>Thema<\/strong><\/td>\n<td valign=\"top\" width=\"224\"><strong>Intentionen<\/strong><\/td>\n<\/tr>\n<tr>\n<td valign=\"top\" width=\"78\">\n<p align=\"center\">2<\/p>\n<p align=\"center\"><a href=\"https:\/\/s-ng.de\/wp-content\/uploads\/2011\/10\/M1_-Erkl%C3%A4rungen-Spiele-Einstiegsstunde.pdf\">M1_ Erkl\u00e4rungen Spiele Einstiegsstunde<\/a><\/p>\n<\/td>\n<td valign=\"top\" width=\"301\"><strong>Gruppenarbeit<\/strong> in zwei verschiedenen R\u00e4umen:<br \/>\nje 3 Gruppen bekommen ein <strong>Spiel <\/strong>erkl\u00e4rt, m\u00fcssen es <strong>basteln und spielen<\/strong> und <strong>dazu eine Anleitung verfassen<\/strong>, anschlie\u00dfend werden die Anleitungen den jeweils anderen Gruppen gegeben, die <strong>das Spiel dann anhand der Anleitungen basteln und spielen<\/strong> m\u00fcssen<strong><\/strong><strong><\/strong><strong><\/strong><\/p>\n<p><strong>Reflexion im Plenum: <\/strong>Was hat uns bei den Anleitungen geholfen, es richtig zu machen \u2013 was gab es f\u00fcr Probleme?<\/td>\n<td valign=\"top\" width=\"224\">Motivation schaffen: Die Sch\u00fcler sollen erkennen, dass Anleitungen schreiben nicht trivial ist. Sie sollen erfahren, was Schwierigkeiten bereiten kann und daraus selbstst\u00e4ndig Schl\u00fcsse ziehen k\u00f6nnen.<\/td>\n<\/tr>\n<tr>\n<td valign=\"top\" width=\"78\">\n<p align=\"center\">\u00bd<\/p>\n<\/td>\n<td valign=\"top\" width=\"301\"><strong>Erarbeitung und Hefteintrag:<br \/>\nSo versteht jeder deine Anleitung<\/strong><\/td>\n<td valign=\"top\" width=\"224\">Systematisierung der Erkenntnisse des Vortages<\/td>\n<\/tr>\n<tr>\n<td valign=\"top\" width=\"78\">\n<p align=\"center\">2<\/p>\n<p align=\"center\"><a href=\"https:\/\/s-ng.de\/wp-content\/uploads\/2011\/10\/M2-Musteranleitung-Geldzielwurf.pdf\">M2 Musteranleitung Geldzielwurf<\/a><\/p>\n<p align=\"center\"><a href=\"https:\/\/s-ng.de\/wp-content\/uploads\/2011\/10\/M3-AB-Geldzielwerfen.pdf\">M3 AB Geldzielwerfen<\/a><\/p>\n<\/td>\n<td valign=\"top\" width=\"301\">Geldzielwerfen: Basteln des Spiels und <strong>Schreiben einer Anleitung nach den erarbeiteten Kriterien in Dreier- und Zweiergruppen<\/strong><\/td>\n<td valign=\"top\" width=\"224\">Anwendung des Gelernten beim Schreiben \u2013 1. \u00dcbung; Austausch in der Kleingruppe,<br \/>\ngemeinsames Ringen um gute Formulierungen<\/td>\n<\/tr>\n<tr>\n<td valign=\"top\" width=\"78\">\n<p align=\"center\">1<\/p>\n<\/td>\n<td valign=\"top\" width=\"301\"><strong>Besprechung von vier ausgew\u00e4hlten Anleitungen <\/strong>zum Geldzielwerfen<strong> im Stuhlkreis<\/strong><\/td>\n<td valign=\"top\" width=\"224\">Anwendung des Gelernten in der Besprechung \u2013 Gelungenes und nicht Gelungenes erkennen und Verbesserungsvorschl\u00e4ge machen; h\u00e4ufige Schwachstellen benennen<\/td>\n<\/tr>\n<tr>\n<td valign=\"top\" width=\"78\">\n<p align=\"center\">1\u00bd<\/p>\n<p align=\"center\"><a href=\"https:\/\/s-ng.de\/wp-content\/uploads\/2011\/10\/M4-AB-Satzanf%C3%A4nge-%C3%BCben.pdf\">M4 AB Satzanf\u00e4nge \u00fcben<\/a><\/p>\n<\/td>\n<td valign=\"top\" width=\"301\"><strong>Erarbeitung<\/strong>: <strong>Abwechslungsreiche Satzanf\u00e4nge; Hefteintrag<\/strong><br \/>\n\u00dcbung (Einzelarbeit): Anleitung umschreiben<\/td>\n<td valign=\"top\" width=\"224\">Aufgreifen der Erkenntnisse vom Vortag, Sch\u00fcler bekommen Formulierungen \u201ean die Hand\u201c, &#8211; 2. \u00dcbung<\/td>\n<\/tr>\n<tr>\n<td valign=\"top\" width=\"78\">\n<p align=\"center\">2<\/p>\n<\/td>\n<td valign=\"top\" width=\"301\"><strong>Anleitung verfassen (in Einzelarbeit):<\/strong> Gipsabdruck Hand (nach Bildern); Anleitung wurde sp\u00e4ter von mir mit \u00dcberarbeitungshinweisen versehen<\/td>\n<td valign=\"top\" width=\"224\">3. \u00dcbung: Anwendung alles Gelernten<\/td>\n<\/tr>\n<tr>\n<td valign=\"top\" width=\"78\">\n<p align=\"center\">1\u00bd<\/p>\n<\/td>\n<td valign=\"top\" width=\"301\"><strong>\u00dcberarbeitung der Anleitung<\/strong> \u201eGipsabdruck Hand\u201c nach den \u00dcberarbeitungshinweisen <strong>(in Einzelarbeit)<\/strong><\/td>\n<td valign=\"top\" width=\"224\">individuelle Schw\u00e4chen \u00fcberarbeiten; selbstst\u00e4ndig den eigenen Text verbessern k\u00f6nnen; beim \u00dcberarbeiten den Blick f\u00fcr m\u00f6gliche Schwachstellen sch\u00e4rfen<\/td>\n<\/tr>\n<tr>\n<td valign=\"top\" width=\"78\">\n<p align=\"center\">im Wochenplan, ca. 2 Stunden<\/p>\n<p align=\"center\"><a href=\"https:\/\/s-ng.de\/wp-content\/uploads\/2011\/10\/M6-AB-Ganze-S%C3%A4tze-bitte.pdf\">M6 AB Ganze S\u00e4tze bitte!<\/a><\/p>\n<p align=\"center\"><a href=\"https:\/\/s-ng.de\/wp-content\/uploads\/2011\/10\/M7-AB-Hier-stimmt-was-nicht.pdf\">M7 AB Hier stimmt was nicht<\/a><\/p>\n<\/td>\n<td valign=\"top\" width=\"301\"><strong>2 Wochenplanaufgaben: <\/strong>&#8211; \u201e<strong>Ganze S\u00e4tze bitte<\/strong>!\u201c (Stichw\u00f6rter in ganze S\u00e4tze umwandeln)- \u201e<strong>Hier stimmt was nicht<\/strong>\u201c (ungenaue Formulierungen und Fehlendes in einer Anleitung entdecken und \u00dcberarbeitungshinweise geben)<\/td>\n<td valign=\"top\" width=\"224\">4. und 5. \u00dcbung: Aufgreifen von Schwierigkeiten, die in den Sch\u00fclertexten h\u00e4ufig auftraten; \u00a0\u00dcben, vollst\u00e4ndige S\u00e4tze zu formulieren; den Blick f\u00fcr m\u00f6gliche Schwachstellen sch\u00e4rfen; genau formulieren lernen<\/td>\n<\/tr>\n<tr>\n<td valign=\"top\" width=\"78\">\n<p align=\"center\">2<\/p>\n<\/td>\n<td valign=\"top\" width=\"301\"><strong>Herstellung von \u201eDave\u2019s chocolate crispies\u201c<\/strong> (Gruppenarbeit; (bebilderte engl. Anleitung im Englischbuch New Highlight 1, Hauptschule Bayern, S. 61) und <strong>Schreiben einer Anleitung <\/strong>(Einzelarbeit)<\/td>\n<td valign=\"top\" width=\"224\">6. \u00dcbung: Anleitung schreiben und dabei alles Gelernte ber\u00fccksichtigen<\/td>\n<\/tr>\n<tr>\n<td valign=\"top\" width=\"78\">\n<p align=\"center\">1<\/p>\n<\/td>\n<td valign=\"top\" width=\"301\"><strong>Allerweltsw\u00f6rter \u201etun\u201c und \u201emachen\u201c durch treffendere Ausdr\u00fccke ersetzen <\/strong>(\u00dcbung)<\/td>\n<td valign=\"top\" width=\"224\">Aufgreifen einer Schwierigkeit aus den Sch\u00fclertexten, Wortschatzerweiterung<\/td>\n<\/tr>\n<tr>\n<td valign=\"top\" width=\"78\">\n<p align=\"center\">2<\/p>\n<\/td>\n<td valign=\"top\" width=\"301\"><strong>Schreibkonferenz <\/strong>(Dreiergruppen)<strong> <\/strong>zu den Anleitungen von \u201eDave\u2019s chocolate crispies\u201c<\/td>\n<td valign=\"top\" width=\"224\">sich gegenseitig Tipps geben; von den Kenntnissen der Mitsch\u00fcler profitieren; Erkennen, was man f\u00fcr die Probe noch lernen sollte<\/td>\n<\/tr>\n<tr>\n<td valign=\"top\" width=\"78\">\n<p align=\"center\">2<\/p>\n<p align=\"center\"><a href=\"https:\/\/s-ng.de\/wp-content\/uploads\/2011\/10\/M-8-Lerntheke.pdf\">M8 Lerntheke<\/a><\/p>\n<\/td>\n<td valign=\"top\" width=\"301\"><strong>Lerntheke zu verschiedenen \u00dcbungsschwerpunkten <\/strong>(z. B. ganze S\u00e4tze, genau formulieren, Satzanf\u00e4nge, Punkte setzen, Rechtschreibung\u2026; <em>ergeben sich z. T. aus Schreibkonferenz!<\/em>); Sch\u00fcler w\u00e4hlen selbst aus, was sie noch \u00fcben m\u00f6chten<\/td>\n<td valign=\"top\" width=\"224\">eigenverantwortlich \u00dcbungen ausw\u00e4hlen, um sich auf die Probe vorzubereiten<\/td>\n<\/tr>\n<tr>\n<td valign=\"top\" width=\"78\">\n<p align=\"center\">2<\/p>\n<p align=\"center\"><em>Material auf Anfrage erh\u00e4ltlich, da auch Sch\u00fcler diese Seite sehen k\u00f6nnen<\/em><\/p>\n<p style=\"text-align: left;\" align=\"center\">\u2191<a href=\"https:\/\/s-ng.de\/?page_id=443\">nach oben<\/a><\/p>\n<\/td>\n<td valign=\"top\" width=\"301\"><strong>Klassenarbeit <\/strong>(in Bayern: &#8222;Probe&#8220;):<strong> Anleitung schreiben<\/strong><\/td>\n<td valign=\"top\" width=\"224\"><\/td>\n<\/tr>\n<\/tbody>\n<\/table>\n<div class=\"pvc_clear\"><\/div>\n<p id=\"pvc_stats_443\" class=\"pvc_stats all  \" data-element-id=\"443\" style=\"\"><i class=\"pvc-stats-icon small\" aria-hidden=\"true\"><svg aria-hidden=\"true\" focusable=\"false\" data-prefix=\"far\" data-icon=\"chart-bar\" role=\"img\" xmlns=\"http:\/\/www.w3.org\/2000\/svg\" viewBox=\"0 0 512 512\" class=\"svg-inline--fa fa-chart-bar fa-w-16 fa-2x\"><path fill=\"currentColor\" d=\"M396.8 352h22.4c6.4 0 12.8-6.4 12.8-12.8V108.8c0-6.4-6.4-12.8-12.8-12.8h-22.4c-6.4 0-12.8 6.4-12.8 12.8v230.4c0 6.4 6.4 12.8 12.8 12.8zm-192 0h22.4c6.4 0 12.8-6.4 12.8-12.8V140.8c0-6.4-6.4-12.8-12.8-12.8h-22.4c-6.4 0-12.8 6.4-12.8 12.8v198.4c0 6.4 6.4 12.8 12.8 12.8zm96 0h22.4c6.4 0 12.8-6.4 12.8-12.8V204.8c0-6.4-6.4-12.8-12.8-12.8h-22.4c-6.4 0-12.8 6.4-12.8 12.8v134.4c0 6.4 6.4 12.8 12.8 12.8zM496 400H48V80c0-8.84-7.16-16-16-16H16C7.16 64 0 71.16 0 80v336c0 17.67 14.33 32 32 32h464c8.84 0 16-7.16 16-16v-16c0-8.84-7.16-16-16-16zm-387.2-48h22.4c6.4 0 12.8-6.4 12.8-12.8v-70.4c0-6.4-6.4-12.8-12.8-12.8h-22.4c-6.4 0-12.8 6.4-12.8 12.8v70.4c0 6.4 6.4 12.8 12.8 12.8z\" class=\"\"><\/path><\/svg><\/i> <img loading=\"lazy\" decoding=\"async\" width=\"16\" height=\"16\" alt=\"Loading\" src=\"https:\/\/s-ng.de\/wp-content\/plugins\/page-views-count\/ajax-loader-2x.gif\" border=0 \/><\/p>\n<div class=\"pvc_clear\"><\/div>\n","protected":false},"excerpt":{"rendered":"<p>*in Bayern sagt man: &#8222;Unterrichtssequenz&#8220; Hauptschule, Klasse 5 Die Vorgangsbeschreibung ist eines der Pflichtaufsatzthemen im 5. Schuljahr. F\u00fcr Hauptsch\u00fcler ist&hellip;<\/p>\n","protected":false},"author":1,"featured_media":0,"parent":50,"menu_order":8,"comment_status":"closed","ping_status":"closed","template":"","meta":{"footnotes":""},"class_list":["post-443","page","type-page","status-publish","hentry"],"_links":{"self":[{"href":"https:\/\/s-ng.de\/index.php?rest_route=\/wp\/v2\/pages\/443","targetHints":{"allow":["GET"]}}],"collection":[{"href":"https:\/\/s-ng.de\/index.php?rest_route=\/wp\/v2\/pages"}],"about":[{"href":"https:\/\/s-ng.de\/index.php?rest_route=\/wp\/v2\/types\/page"}],"author":[{"embeddable":true,"href":"https:\/\/s-ng.de\/index.php?rest_route=\/wp\/v2\/users\/1"}],"replies":[{"embeddable":true,"href":"https:\/\/s-ng.de\/index.php?rest_route=%2Fwp%2Fv2%2Fcomments&post=443"}],"version-history":[{"count":17,"href":"https:\/\/s-ng.de\/index.php?rest_route=\/wp\/v2\/pages\/443\/revisions"}],"predecessor-version":[{"id":932,"href":"https:\/\/s-ng.de\/index.php?rest_route=\/wp\/v2\/pages\/443\/revisions\/932"}],"up":[{"embeddable":true,"href":"https:\/\/s-ng.de\/index.php?rest_route=\/wp\/v2\/pages\/50"}],"wp:attachment":[{"href":"https:\/\/s-ng.de\/index.php?rest_route=%2Fwp%2Fv2%2Fmedia&parent=443"}],"curies":[{"name":"wp","href":"https:\/\/api.w.org\/{rel}","templated":true}]}}