{"id":52,"date":"2011-10-10T19:46:40","date_gmt":"2011-10-10T17:46:40","guid":{"rendered":"http:\/\/brahms:81\/?page_id=52"},"modified":"2017-11-25T22:18:08","modified_gmt":"2017-11-25T21:18:08","slug":"fortbildungen","status":"publish","type":"page","link":"https:\/\/s-ng.de\/?page_id=52","title":{"rendered":"Fortbildungen"},"content":{"rendered":"<div id=\"matrix_1023702969\">\n<p>Gelegentlich werde ich als Referentin auf Fortbildungen f\u00fcr Lehrkr\u00e4fte angefordert. Es macht mir Freude, mein Wissen weiterzugeben und den einen oder die andere f\u00fcr Unterrichtskonzepte oder -methoden, mit denen ich gute Erfahrungen gemacht habe, zu begeistern.<\/p>\n<div>\n<h1>Bisherige Fortbildungen<\/h1>\n<\/div>\n<\/div>\n<div>\n<p>19.03.2009: Referentin (zusammen mit Heidi Seegets) zum Thema &#8222;Modularisierung in der Hauptschule &#8211; Lesef\u00f6rderung STIKK&#8220; in Neuhof\/Zenn; Veranstalter: <a href=\"http:\/\/www.schulamt-nea-bw.de\/\" target=\"_blank\" rel=\"noopener noreferrer\">Schulamt Neustadt\/Aisch &#8211; Bad Windsheim<\/a><\/p>\n<p>10.-14.11.2009: Referentin im Rahmen des Fortbildungslehrgangs &#8222;Unterrichts-Optimierung f\u00fcr ukrainische Deutsch-Lehrkr\u00e4fte&#8220;: Unterrichtsvorf\u00fchrung Werkstattunterricht; Veranstalter: <a href=\"http:\/\/alp.dillingen.de\/\" target=\"_blank\" rel=\"noopener noreferrer\">Akademie f\u00fcr Lehrerfortbildung Dillingen<\/a><\/p>\n<p>03.12.2009: Referentin (zusammen mit Heidi Seegets) zum Thema &#8222;Individuelles und soziales Lernen an Ganztagsschulen&#8220;; Veranstalter: <a href=\"http:\/\/www.regierung.mittelfranken.bayern.de\/aufg_abt\/abt5\/ganztag\/abt510_40_1ganztag.htm\" target=\"_blank\" rel=\"noopener noreferrer\">Regierung von Mittelfranken<\/a>, Simon Beisenwenger<\/p>\n<p>02.12.2010: Referentin zum Thema &#8222;Gelingende Kooperation zwischen Schule und Kooperationspartner in Ganztagsschulen&#8220;; Veranstalter: <a href=\"http:\/\/www.regierung.mittelfranken.bayern.de\/aufg_abt\/abt5\/ganztag\/abt510_40_1ganztag.htm\" target=\"_blank\" rel=\"noopener noreferrer\">Regierung von Mittelfranken<\/a>, Heidi Seegets<\/p>\n<p>22.07.2010: Referentin im Rahmen des Fortbildungslehrgangs &#8222;Unterrichts-Optimierung f\u00fcr slowakische Deutsch-Lehrkr\u00e4fte&#8220;: Unterrichtsvorf\u00fchrung Deutschunterricht; Veranstalter: <a href=\"http:\/\/alp.dillingen.de\/\" target=\"_blank\" rel=\"noopener noreferrer\">Akademie f\u00fcr Lehrerfortbildung Dillingen<\/a><\/p>\n<p>08.11.2010: Unterrichtsvorf\u00fchrung &#8222;Soziales Lernen &#8211; Mit Zielvereinbarungen Leistungsbereitschaft und Selbstreflexion f\u00f6rdern&#8220;; Veranstalter: <a href=\"http:\/\/alp.dillingen.de\/\" target=\"_blank\" rel=\"noopener noreferrer\">Akademie f\u00fcr Lehrerfortbildung Dillingen<\/a><\/p>\n<p>26.05.2011: Referentin im Rahmen der mehrt\u00e4gigen Fortbildung &#8222;Guter Unterricht in Ganztagsgrundschulen&#8220; zum Thema &#8222;Sch\u00fcler reflektieren Lernprozesse &#8211; F\u00f6rderung selbstst\u00e4ndigen und eigenaktiven Lernens&#8220;; Veranstalter: <a href=\"http:\/\/www.regierung.mittelfranken.bayern.de\/aufg_abt\/abt5\/ganztag\/abt510_40_1ganztag.htm\" target=\"_blank\" rel=\"noopener noreferrer\">Regierung von Mittelfranken<\/a>, Heidi Seegets<\/p>\n<p>15.\/16.11.2011: Referentin auf der SCHILF &#8222;Selbst\u00e4ndiges und eigenverantwortliches Lernen als Grundlage f\u00fcr eine erfolgreiche Lernbiografie&#8220; zusammen mit Katja Sch\u00f6n; Veranstalter: <a href=\"http:\/\/www.theo-schoeller-hauptschule.de\/\" target=\"_blank\" rel=\"noopener noreferrer\">Dr.-Theo-Sch\u00f6ller-Mittelschule N\u00fcrnberg<\/a>, Siglinde Schweizer<\/p>\n<p>08.03.2012: &#8222;Selbstst\u00e4ndiges und eigenverantwortliches Lernen &#8211; Wochenplan, Freie Arbeit, Lerntageb\u00fccher, Soziales Lernen mit Kompetenzrastern und Zielvereinbarungen&#8220; als ganzt\u00e4gige Veranstaltung innerhalb des Lehrgangs\u00a0 <a href=\"http:\/\/alp.dillingen.de\/lehrgaenge\/suche\/lg_lehrgang.php?Lg_ID=16193\" target=\"_blank\" rel=\"noopener noreferrer\">&#8222;Zeitgem\u00e4\u00dfe Unterrichtsformen mit mehrsprachigen Sch\u00fclern&#8220;<\/a> an der <a href=\"http:\/\/alp.dillingen.de\/akademie\/\" target=\"_blank\" rel=\"noopener noreferrer\">Akademie f\u00fcr Lehrerfortbildung Dillingen<\/a><\/p>\n<p>20.03.2012: Unterrichtsvorf\u00fchrung Wochenplan und Freie Arbeit + Theorieteil f\u00fcr Lehramtsanw\u00e4rter\/innen des Seminars von Simon Beisenwenger, Kl. 5g, <a href=\"http:\/\/www.theo-schoeller-hauptschule.de\/\" target=\"_blank\" rel=\"noopener noreferrer\">Dr.-Theo-Sch\u00f6ller-Mittelschule N\u00fcrnberg<\/a><\/p>\n<p>19.04.2012: Unterrichtsvorf\u00fchrung Wochenplan und Freie Arbeit + Theorieteil f\u00fcr Lehramtsanw\u00e4rter\/innen des Seminars von Hans Singer, Kl. 5g, <a href=\"http:\/\/www.theo-schoeller-hauptschule.de\/\" target=\"_blank\" rel=\"noopener noreferrer\">Dr.-Theo-Sch\u00f6ller-Mittelschule N\u00fcrnberg<\/a><\/p>\n<p><del><\/del> 20.04.2012: Referentin zum Thema &#8222;Kooperation im Bereich offene Ganztagsschule&#8220;, zusammen mit Arnd Feistel, dem Gesch\u00e4ftsf\u00fchrer des Tr\u00e4gers und Kooperationspartners des Ganztagsbereichs der Dr.-Theo-Sch\u00f6ller-Schule; Friedrich-Wilhelm-Herschel-Mittelschule N\u00fcrnberg; Veranstalter: <a href=\"http:\/\/www.regierung.mittelfranken.bayern.de\/aufg_abt\/abt5\/ganztag\/abt510_40_1ganztag.htm\" target=\"_blank\" rel=\"noopener noreferrer\">Regierung von Mittelfranken<\/a>, Heidi Seegets.<\/p>\n<p>17.07.2012: Unterrichtsvorf\u00fchrung &#8222;Arbeit mit Kompetenzrastern&#8220; f\u00fcr die Steuergruppe der Michel-Buck-Schule Ertingen; Klasse 5g, <a href=\"http:\/\/www.theo-schoeller-hauptschule.de\/\">Dr.-Theo-Sch\u00f6ller-Schule N\u00fcrnberg<\/a><\/p>\n<p>20.07.2012: zusammen mit Bertram H\u00f6fer Vorstellung des Konzepts der Offenen Ganztagsschule der Dr.-Theo-Sch\u00f6ller-Schule f\u00fcr Mitarbeiter der Volkshochschule Unteres Pegnitztal; R\u00e4ume der Offenen Ganztagsbetreuung, <a href=\"http:\/\/www.theo-schoeller-hauptschule.de\/\">Dr.-Theo-Sch\u00f6ller-Schule N\u00fcrnberg<\/a><\/p>\n<p>03.03.2016: Referentin SCHILF &#8222;Arbeit mit der W\u00f6rterklinik&#8220;, <a href=\"http:\/\/www.theo-schoeller-hauptschule.de\/\">Dr.-Theo-Sch\u00f6ller-Mittelschule N\u00fcrnberg<\/a><\/p>\n<p>22.11.2017: Referentin Workshop &#8222;Arbeit mit Kompetenzrastern&#8220; im Rahmen des P\u00e4dagogischen Tages an der Dr.-Theo-Sch\u00f6ller-Mittelschule N\u00fcrnberg; Veranstalter: <a href=\"http:\/\/www.schulamt.info\/\">Staatliches Schulamt in der Stadt N\u00fcrnberg<\/a> und <a href=\"http:\/\/www.theo-schoeller-hauptschule.de\/\">Dr.-Theo-Sch\u00f6ller-Mittelschule N\u00fcrnberg<\/a><\/p>\n<\/div>\n<div class=\"pvc_clear\"><\/div>\n<p id=\"pvc_stats_52\" class=\"pvc_stats all  \" data-element-id=\"52\" style=\"\"><i class=\"pvc-stats-icon small\" aria-hidden=\"true\"><svg aria-hidden=\"true\" focusable=\"false\" data-prefix=\"far\" data-icon=\"chart-bar\" role=\"img\" xmlns=\"http:\/\/www.w3.org\/2000\/svg\" viewBox=\"0 0 512 512\" class=\"svg-inline--fa fa-chart-bar fa-w-16 fa-2x\"><path fill=\"currentColor\" d=\"M396.8 352h22.4c6.4 0 12.8-6.4 12.8-12.8V108.8c0-6.4-6.4-12.8-12.8-12.8h-22.4c-6.4 0-12.8 6.4-12.8 12.8v230.4c0 6.4 6.4 12.8 12.8 12.8zm-192 0h22.4c6.4 0 12.8-6.4 12.8-12.8V140.8c0-6.4-6.4-12.8-12.8-12.8h-22.4c-6.4 0-12.8 6.4-12.8 12.8v198.4c0 6.4 6.4 12.8 12.8 12.8zm96 0h22.4c6.4 0 12.8-6.4 12.8-12.8V204.8c0-6.4-6.4-12.8-12.8-12.8h-22.4c-6.4 0-12.8 6.4-12.8 12.8v134.4c0 6.4 6.4 12.8 12.8 12.8zM496 400H48V80c0-8.84-7.16-16-16-16H16C7.16 64 0 71.16 0 80v336c0 17.67 14.33 32 32 32h464c8.84 0 16-7.16 16-16v-16c0-8.84-7.16-16-16-16zm-387.2-48h22.4c6.4 0 12.8-6.4 12.8-12.8v-70.4c0-6.4-6.4-12.8-12.8-12.8h-22.4c-6.4 0-12.8 6.4-12.8 12.8v70.4c0 6.4 6.4 12.8 12.8 12.8z\" class=\"\"><\/path><\/svg><\/i> <img loading=\"lazy\" decoding=\"async\" width=\"16\" height=\"16\" alt=\"Loading\" src=\"https:\/\/s-ng.de\/wp-content\/plugins\/page-views-count\/ajax-loader-2x.gif\" border=0 \/><\/p>\n<div class=\"pvc_clear\"><\/div>\n","protected":false},"excerpt":{"rendered":"<p>Gelegentlich werde ich als Referentin auf Fortbildungen f\u00fcr Lehrkr\u00e4fte angefordert. Es macht mir Freude, mein Wissen weiterzugeben und den einen&hellip;<\/p>\n","protected":false},"author":1,"featured_media":0,"parent":2,"menu_order":2,"comment_status":"closed","ping_status":"closed","template":"","meta":{"footnotes":""},"class_list":["post-52","page","type-page","status-publish","hentry"],"_links":{"self":[{"href":"https:\/\/s-ng.de\/index.php?rest_route=\/wp\/v2\/pages\/52","targetHints":{"allow":["GET"]}}],"collection":[{"href":"https:\/\/s-ng.de\/index.php?rest_route=\/wp\/v2\/pages"}],"about":[{"href":"https:\/\/s-ng.de\/index.php?rest_route=\/wp\/v2\/types\/page"}],"author":[{"embeddable":true,"href":"https:\/\/s-ng.de\/index.php?rest_route=\/wp\/v2\/users\/1"}],"replies":[{"embeddable":true,"href":"https:\/\/s-ng.de\/index.php?rest_route=%2Fwp%2Fv2%2Fcomments&post=52"}],"version-history":[{"count":27,"href":"https:\/\/s-ng.de\/index.php?rest_route=\/wp\/v2\/pages\/52\/revisions"}],"predecessor-version":[{"id":1051,"href":"https:\/\/s-ng.de\/index.php?rest_route=\/wp\/v2\/pages\/52\/revisions\/1051"}],"up":[{"embeddable":true,"href":"https:\/\/s-ng.de\/index.php?rest_route=\/wp\/v2\/pages\/2"}],"wp:attachment":[{"href":"https:\/\/s-ng.de\/index.php?rest_route=%2Fwp%2Fv2%2Fmedia&parent=52"}],"curies":[{"name":"wp","href":"https:\/\/api.w.org\/{rel}","templated":true}]}}

<div id="matrix_1023702969">
<p>Gelegentlich werde ich als Referentin auf Fortbildungen für Lehrkräfte angefordert. Es macht mir Freude, mein Wissen weiterzugeben und den einen oder die andere für Unterrichtskonzepte oder -methoden, mit denen ich gute Erfahrungen gemacht habe, zu begeistern.</p>
<div>
<h1>Bisherige Fortbildungen</h1>
</div>
</div>
<div>
<p>19.03.2009: Referentin (zusammen mit Heidi Seegets) zum Thema &#8222;Modularisierung in der Hauptschule &#8211; Leseförderung STIKK&#8220; in Neuhof/Zenn; Veranstalter: <a href="http://www.schulamt-nea-bw.de/" target="_blank" rel="noopener noreferrer">Schulamt Neustadt/Aisch &#8211; Bad Windsheim</a></p>
<p>10.-14.11.2009: Referentin im Rahmen des Fortbildungslehrgangs &#8222;Unterrichts-Optimierung für ukrainische Deutsch-Lehrkräfte&#8220;: Unterrichtsvorführung Werkstattunterricht; Veranstalter: <a href="http://alp.dillingen.de/" target="_blank" rel="noopener noreferrer">Akademie für Lehrerfortbildung Dillingen</a></p>
<p>03.12.2009: Referentin (zusammen mit Heidi Seegets) zum Thema &#8222;Individuelles und soziales Lernen an Ganztagsschulen&#8220;; Veranstalter: <a href="http://www.regierung.mittelfranken.bayern.de/aufg_abt/abt5/ganztag/abt510_40_1ganztag.htm" target="_blank" rel="noopener noreferrer">Regierung von Mittelfranken</a>, Simon Beisenwenger</p>
<p>02.12.2010: Referentin zum Thema &#8222;Gelingende Kooperation zwischen Schule und Kooperationspartner in Ganztagsschulen&#8220;; Veranstalter: <a href="http://www.regierung.mittelfranken.bayern.de/aufg_abt/abt5/ganztag/abt510_40_1ganztag.htm" target="_blank" rel="noopener noreferrer">Regierung von Mittelfranken</a>, Heidi Seegets</p>
<p>22.07.2010: Referentin im Rahmen des Fortbildungslehrgangs &#8222;Unterrichts-Optimierung für slowakische Deutsch-Lehrkräfte&#8220;: Unterrichtsvorführung Deutschunterricht; Veranstalter: <a href="http://alp.dillingen.de/" target="_blank" rel="noopener noreferrer">Akademie für Lehrerfortbildung Dillingen</a></p>
<p>08.11.2010: Unterrichtsvorführung &#8222;Soziales Lernen &#8211; Mit Zielvereinbarungen Leistungsbereitschaft und Selbstreflexion fördern&#8220;; Veranstalter: <a href="http://alp.dillingen.de/" target="_blank" rel="noopener noreferrer">Akademie für Lehrerfortbildung Dillingen</a></p>
<p>26.05.2011: Referentin im Rahmen der mehrtägigen Fortbildung &#8222;Guter Unterricht in Ganztagsgrundschulen&#8220; zum Thema &#8222;Schüler reflektieren Lernprozesse &#8211; Förderung selbstständigen und eigenaktiven Lernens&#8220;; Veranstalter: <a href="http://www.regierung.mittelfranken.bayern.de/aufg_abt/abt5/ganztag/abt510_40_1ganztag.htm" target="_blank" rel="noopener noreferrer">Regierung von Mittelfranken</a>, Heidi Seegets</p>
<p>15./16.11.2011: Referentin auf der SCHILF &#8222;Selbständiges und eigenverantwortliches Lernen als Grundlage für eine erfolgreiche Lernbiografie&#8220; zusammen mit Katja Schön; Veranstalter: <a href="http://www.theo-schoeller-hauptschule.de/" target="_blank" rel="noopener noreferrer">Dr.-Theo-Schöller-Mittelschule Nürnberg</a>, Siglinde Schweizer</p>
<p>08.03.2012: &#8222;Selbstständiges und eigenverantwortliches Lernen &#8211; Wochenplan, Freie Arbeit, Lerntagebücher, Soziales Lernen mit Kompetenzrastern und Zielvereinbarungen&#8220; als ganztägige Veranstaltung innerhalb des Lehrgangs  <a href="http://alp.dillingen.de/lehrgaenge/suche/lg_lehrgang.php?Lg_ID=16193" target="_blank" rel="noopener noreferrer">&#8222;Zeitgemäße Unterrichtsformen mit mehrsprachigen Schülern&#8220;</a> an der <a href="http://alp.dillingen.de/akademie/" target="_blank" rel="noopener noreferrer">Akademie für Lehrerfortbildung Dillingen</a></p>
<p>20.03.2012: Unterrichtsvorführung Wochenplan und Freie Arbeit + Theorieteil für Lehramtsanwärter/innen des Seminars von Simon Beisenwenger, Kl. 5g, <a href="http://www.theo-schoeller-hauptschule.de/" target="_blank" rel="noopener noreferrer">Dr.-Theo-Schöller-Mittelschule Nürnberg</a></p>
<p>19.04.2012: Unterrichtsvorführung Wochenplan und Freie Arbeit + Theorieteil für Lehramtsanwärter/innen des Seminars von Hans Singer, Kl. 5g, <a href="http://www.theo-schoeller-hauptschule.de/" target="_blank" rel="noopener noreferrer">Dr.-Theo-Schöller-Mittelschule Nürnberg</a></p>
<p><del></del> 20.04.2012: Referentin zum Thema &#8222;Kooperation im Bereich offene Ganztagsschule&#8220;, zusammen mit Arnd Feistel, dem Geschäftsführer des Trägers und Kooperationspartners des Ganztagsbereichs der Dr.-Theo-Schöller-Schule; Friedrich-Wilhelm-Herschel-Mittelschule Nürnberg; Veranstalter: <a href="http://www.regierung.mittelfranken.bayern.de/aufg_abt/abt5/ganztag/abt510_40_1ganztag.htm" target="_blank" rel="noopener noreferrer">Regierung von Mittelfranken</a>, Heidi Seegets.</p>
<p>17.07.2012: Unterrichtsvorführung &#8222;Arbeit mit Kompetenzrastern&#8220; für die Steuergruppe der Michel-Buck-Schule Ertingen; Klasse 5g, <a href="http://www.theo-schoeller-hauptschule.de/">Dr.-Theo-Schöller-Schule Nürnberg</a></p>
<p>20.07.2012: zusammen mit Bertram Höfer Vorstellung des Konzepts der Offenen Ganztagsschule der Dr.-Theo-Schöller-Schule für Mitarbeiter der Volkshochschule Unteres Pegnitztal; Räume der Offenen Ganztagsbetreuung, <a href="http://www.theo-schoeller-hauptschule.de/">Dr.-Theo-Schöller-Schule Nürnberg</a></p>
<p>03.03.2016: Referentin SCHILF &#8222;Arbeit mit der Wörterklinik&#8220;, <a href="http://www.theo-schoeller-hauptschule.de/">Dr.-Theo-Schöller-Mittelschule Nürnberg</a></p>
<p>22.11.2017: Referentin Workshop &#8222;Arbeit mit Kompetenzrastern&#8220; im Rahmen des Pädagogischen Tages an der Dr.-Theo-Schöller-Mittelschule Nürnberg; Veranstalter: <a href="http://www.schulamt.info/">Staatliches Schulamt in der Stadt Nürnberg</a> und <a href="http://www.theo-schoeller-hauptschule.de/">Dr.-Theo-Schöller-Mittelschule Nürnberg</a></p>
</div>
<div class="pvc_clear"></div>
<p id="pvc_stats_52" class="pvc_stats all  " data-element-id="52" style=""><i class="pvc-stats-icon small" aria-hidden="true"><svg aria-hidden="true" focusable="false" data-prefix="far" data-icon="chart-bar" role="img" xmlns="http://www.w3.org/2000/svg" viewBox="0 0 512 512" class="svg-inline--fa fa-chart-bar fa-w-16 fa-2x"><path fill="currentColor" d="M396.8 352h22.4c6.4 0 12.8-6.4 12.8-12.8V108.8c0-6.4-6.4-12.8-12.8-12.8h-22.4c-6.4 0-12.8 6.4-12.8 12.8v230.4c0 6.4 6.4 12.8 12.8 12.8zm-192 0h22.4c6.4 0 12.8-6.4 12.8-12.8V140.8c0-6.4-6.4-12.8-12.8-12.8h-22.4c-6.4 0-12.8 6.4-12.8 12.8v198.4c0 6.4 6.4 12.8 12.8 12.8zm96 0h22.4c6.4 0 12.8-6.4 12.8-12.8V204.8c0-6.4-6.4-12.8-12.8-12.8h-22.4c-6.4 0-12.8 6.4-12.8 12.8v134.4c0 6.4 6.4 12.8 12.8 12.8zM496 400H48V80c0-8.84-7.16-16-16-16H16C7.16 64 0 71.16 0 80v336c0 17.67 14.33 32 32 32h464c8.84 0 16-7.16 16-16v-16c0-8.84-7.16-16-16-16zm-387.2-48h22.4c6.4 0 12.8-6.4 12.8-12.8v-70.4c0-6.4-6.4-12.8-12.8-12.8h-22.4c-6.4 0-12.8 6.4-12.8 12.8v70.4c0 6.4 6.4 12.8 12.8 12.8z" class=""></path></svg></i> <img loading="lazy" decoding="async" width="16" height="16" alt="Loading" src="https://s-ng.de/wp-content/plugins/page-views-count/ajax-loader-2x.gif" border=0 /></p>
<div class="pvc_clear"></div>

<p>Gelegentlich werde ich als Referentin auf Fortbildungen für Lehrkräfte angefordert. Es macht mir Freude, mein Wissen weiterzugeben und den einen&hellip;</p>
