{"id":61,"date":"2011-10-10T19:50:54","date_gmt":"2011-10-10T18:50:54","guid":{"rendered":"http:\/\/brahms:81\/?page_id=61"},"modified":"2020-02-20T17:20:51","modified_gmt":"2020-02-20T16:20:51","slug":"impressum-und-disclaimer","status":"publish","type":"page","link":"https:\/\/s-ng.de\/?page_id=61","title":{"rendered":"Impressum"},"content":{"rendered":"<p>Diese Internetseite wurde erstellt von Sabine Nagel, 90562 Heroldsberg.<\/p>\n<p>Inhaltlich verantwortlich gem\u00e4\u00df \u00a7 55 Abs. 2 RStV:<br \/>\nSabine Nagel, Welserstra\u00dfe 22, 90562 Heroldsberg.<br \/>\nKontakt \u00fcber eMail: info[at]s[minus]ng[punkt]de<br \/>\n(eckige Klammern durch das darin genannte Zeichen ersetzen).<\/p>\n<p><em>Dieses Impressum gilt auch f\u00fcr meine <a href=\"http:\/\/www.facebook.com\/AutorinSabineNagel\" target=\"_blank\" rel=\"noopener noreferrer\">Facebook-Autorenseite<\/a>.<\/em><\/p>\n<p>Alle eingestellten Inhalte (Texte, Bilder, Materialien etc.) unterliegen dem deutschen Urheberrecht und sind das geistige Eigentum von Sabine Nagel. Das Kopieren oder anderweitige Verwenden dieser Inhalte als dem der eigenen Information ist ohne das ausdr\u00fcckliche Einverst\u00e4ndnis der Autorin nicht gestattet.<\/p>\n<p>Gern kannst du mich \u00fcber das Kontaktformular oder per eMail anschreiben, wenn Text(e), Material(ien) und\/oder Bild(er) auf dein Interesse gesto\u00dfen sein sollten.<\/p>\n<p>s-ng.de enth\u00e4lt Links zu externen Webseiten Dritter, auf deren Inhalte ich keinen Einfluss habe. Deshalb kann ich f\u00fcr diese fremden Inhalte auch keine Gew\u00e4hr \u00fcbernehmen. F\u00fcr die Inhalte der verlinkten Seiten ist stets der jeweilige Anbieter oder Betreiber der Seiten verantwortlich. Die verlinkten Seiten wurden zum Zeitpunkt der Verlinkung auf m\u00f6gliche Rechtsverst\u00f6\u00dfe \u00fcberpr\u00fcft. Rechtswidrige Inhalte waren zum Zeitpunkt der Verlinkung nicht erkennbar. Eine permanente inhaltliche Kontrolle der verlinkten Seiten ist jedoch ohne konkrete Anhaltspunkte einer Rechtsverletzung nicht zumutbar. Bei Bekanntwerden von Rechtsverletzungen werde ich derartige Links umgehend entfernen.<\/p>\n<p>Keine Abmahnung ohne vorherigen Kontakt! Sollten Inhalte dieser Seite Rechte Dritter oder gesetzliche Bestimmungen verletzen oder anderweitig in irgendeiner Form wettbewerbsrechtliche Probleme hervorbringen, so bitte ich um eine schnelle Nachricht ohne Kostennote an meine E-Mailadresse (siehe oben), damit ich umgehend reagieren kann.<\/p>\n<h2>Hinweise zum Datenschutz:<\/h2>\n<p>Durch den Besuch dieser Website k\u00f6nnen Informationen \u00fcber den Zugriff (Datum, Uhrzeit, betrachtete Seite) gespeichert werden. Diese Daten geh\u00f6ren nicht zu den personenbezogenen Daten, sondern sind anonymisiert. Sie werden ausschlie\u00dflich zu statistischen Zwecken ausgewertet. Eine Weitergabe an Dritte, zu kommerziellen oder nichtkommerziellen Zwecken, findet nicht statt.<\/p>\n<p>Ich weise ausdr\u00fccklich darauf hin, dass die Daten\u00fcbertragung im Internet (z.B. bei der Kommunikation per E-Mail) Sicherheitsl\u00fccken aufweisen und nicht l\u00fcckenlos vor dem Zugriff durch Dritte gesch\u00fctzt werden kann.<\/p>\n<p>Die Verwendung der Kontaktdaten des Impressums zur gewerblichen Werbung ist ohne meine vorherige schriftliche Zustimmung ausdr\u00fccklich nicht erw\u00fcnscht. Hiermit widerspreche ich ausdr\u00fccklich jeder kommerziellen Verwendung und Weitergabe meiner Daten.<\/p>\n<div class=\"pvc_clear\"><\/div>\n<p id=\"pvc_stats_61\" class=\"pvc_stats all  \" data-element-id=\"61\" style=\"\"><i class=\"pvc-stats-icon small\" aria-hidden=\"true\"><svg aria-hidden=\"true\" focusable=\"false\" data-prefix=\"far\" data-icon=\"chart-bar\" role=\"img\" xmlns=\"http:\/\/www.w3.org\/2000\/svg\" viewBox=\"0 0 512 512\" class=\"svg-inline--fa fa-chart-bar fa-w-16 fa-2x\"><path fill=\"currentColor\" d=\"M396.8 352h22.4c6.4 0 12.8-6.4 12.8-12.8V108.8c0-6.4-6.4-12.8-12.8-12.8h-22.4c-6.4 0-12.8 6.4-12.8 12.8v230.4c0 6.4 6.4 12.8 12.8 12.8zm-192 0h22.4c6.4 0 12.8-6.4 12.8-12.8V140.8c0-6.4-6.4-12.8-12.8-12.8h-22.4c-6.4 0-12.8 6.4-12.8 12.8v198.4c0 6.4 6.4 12.8 12.8 12.8zm96 0h22.4c6.4 0 12.8-6.4 12.8-12.8V204.8c0-6.4-6.4-12.8-12.8-12.8h-22.4c-6.4 0-12.8 6.4-12.8 12.8v134.4c0 6.4 6.4 12.8 12.8 12.8zM496 400H48V80c0-8.84-7.16-16-16-16H16C7.16 64 0 71.16 0 80v336c0 17.67 14.33 32 32 32h464c8.84 0 16-7.16 16-16v-16c0-8.84-7.16-16-16-16zm-387.2-48h22.4c6.4 0 12.8-6.4 12.8-12.8v-70.4c0-6.4-6.4-12.8-12.8-12.8h-22.4c-6.4 0-12.8 6.4-12.8 12.8v70.4c0 6.4 6.4 12.8 12.8 12.8z\" class=\"\"><\/path><\/svg><\/i> <img loading=\"lazy\" decoding=\"async\" width=\"16\" height=\"16\" alt=\"Loading\" src=\"https:\/\/s-ng.de\/wp-content\/plugins\/page-views-count\/ajax-loader-2x.gif\" border=0 \/><\/p>\n<div class=\"pvc_clear\"><\/div>\n","protected":false},"excerpt":{"rendered":"<p>Diese Internetseite wurde erstellt von Sabine Nagel, 90562 Heroldsberg. Inhaltlich verantwortlich gem\u00e4\u00df \u00a7 55 Abs. 2 RStV: Sabine Nagel, Welserstra\u00dfe&hellip;<\/p>\n","protected":false},"author":1,"featured_media":0,"parent":0,"menu_order":7,"comment_status":"closed","ping_status":"closed","template":"","meta":{"footnotes":""},"class_list":["post-61","page","type-page","status-publish","hentry"],"_links":{"self":[{"href":"https:\/\/s-ng.de\/index.php?rest_route=\/wp\/v2\/pages\/61","targetHints":{"allow":["GET"]}}],"collection":[{"href":"https:\/\/s-ng.de\/index.php?rest_route=\/wp\/v2\/pages"}],"about":[{"href":"https:\/\/s-ng.de\/index.php?rest_route=\/wp\/v2\/types\/page"}],"author":[{"embeddable":true,"href":"https:\/\/s-ng.de\/index.php?rest_route=\/wp\/v2\/users\/1"}],"replies":[{"embeddable":true,"href":"https:\/\/s-ng.de\/index.php?rest_route=%2Fwp%2Fv2%2Fcomments&post=61"}],"version-history":[{"count":22,"href":"https:\/\/s-ng.de\/index.php?rest_route=\/wp\/v2\/pages\/61\/revisions"}],"predecessor-version":[{"id":1198,"href":"https:\/\/s-ng.de\/index.php?rest_route=\/wp\/v2\/pages\/61\/revisions\/1198"}],"wp:attachment":[{"href":"https:\/\/s-ng.de\/index.php?rest_route=%2Fwp%2Fv2%2Fmedia&parent=61"}],"curies":[{"name":"wp","href":"https:\/\/api.w.org\/{rel}","templated":true}]}}